{"id":10416,"date":"2020-11-03T11:34:43","date_gmt":"2020-11-03T10:34:43","guid":{"rendered":"http:\/\/www.jazzypunto.es\/jazzaragon\/?page_id=10416"},"modified":"2021-08-21T20:25:03","modified_gmt":"2021-08-21T18:25:03","slug":"borjaenjazz-2019","status":"publish","type":"page","link":"https:\/\/www.jazzypunto.es\/jazzaragon\/borjaenjazz-2019\/","title":{"rendered":"BorjaenJazz 2019"},"content":{"rendered":"<p><img data-recalc-dims=\"1\" decoding=\"async\" class=\"aligncenter  wp-image-10239 lazyload\" data-src=\"https:\/\/i0.wp.com\/www.jazzypunto.es\/jazzaragon\/wp-content\/uploads\/2020\/10\/Borja-Cartel-2019-e1604085026109.jpg?resize=322%2C455\" alt=\"\" width=\"322\" height=\"455\" src=\"data:image\/svg+xml;base64,PHN2ZyB3aWR0aD0iMSIgaGVpZ2h0PSIxIiB4bWxucz0iaHR0cDovL3d3dy53My5vcmcvMjAwMC9zdmciPjwvc3ZnPg==\" style=\"--smush-placeholder-width: 322px; --smush-placeholder-aspect-ratio: 322\/455;\" \/><\/p>\n<h3 style=\"text-align: center;\"><strong>Del \u00a018 al 21 de Julio<\/strong><\/h3>\n<h5 style=\"text-align: center;\"><strong><em>Jueves 18 de Julio<\/em><\/strong><\/h5>\n<p style=\"text-align: center;\"><em><strong>Teatro Cine Cervantes\u00a0 \u00a0\u00a0<\/strong>21:00 horas<\/em><\/p>\n<p><em>Apertura del Borja en Jazz<\/em><\/p>\n<p><em><strong>\u2013 The Marta\u00b4s Way<\/strong><\/em><\/p>\n<p><img data-recalc-dims=\"1\" decoding=\"async\" class=\"aligncenter  wp-image-10425 lazyload\" data-src=\"https:\/\/i0.wp.com\/www.jazzypunto.es\/jazzaragon\/wp-content\/uploads\/2020\/11\/Marta%C2%B4s-Way-2.jpg?resize=422%2C316\" alt=\"\" width=\"422\" height=\"316\" src=\"data:image\/svg+xml;base64,PHN2ZyB3aWR0aD0iMSIgaGVpZ2h0PSIxIiB4bWxucz0iaHR0cDovL3d3dy53My5vcmcvMjAwMC9zdmciPjwvc3ZnPg==\" style=\"--smush-placeholder-width: 422px; --smush-placeholder-aspect-ratio: 422\/316;\" \/><\/p>\n<p style=\"padding-left: 40px;\"><em>Marta Mar\u00edn: voz<\/em><br \/>\n<em>Candela Mar\u00edn: voz<\/em><br \/>\n<em>Jos\u00e9 Luis Mar\u00edn: bajo y percusi\u00f3n<\/em><br \/>\n<em>David Fern\u00e1ndez: bater\u00eda<\/em><br \/>\n<em>Chavi Naval: saxo y flauta<\/em><br \/>\n<em>Chus Fern\u00e1ndez: bajo<\/em><\/p>\n<h5 style=\"text-align: center;\"><strong><em>Viernes 19 de Julio<\/em><\/strong><\/h5>\n<p style=\"text-align: center;\"><em><strong>Teatro Cine Cervantes\u00a0 \u00a0\u00a0<\/strong>22:00 horas<\/em><\/p>\n<p><em><strong>\u2013 Monkayo Jazz Band<\/strong><\/em><\/p>\n<p><img data-recalc-dims=\"1\" decoding=\"async\" class=\"aligncenter  wp-image-10426 lazyload\" data-src=\"https:\/\/i0.wp.com\/www.jazzypunto.es\/jazzaragon\/wp-content\/uploads\/2020\/11\/Moncayo-e1604401515313.jpg?resize=410%2C261\" alt=\"\" width=\"410\" height=\"261\" src=\"data:image\/svg+xml;base64,PHN2ZyB3aWR0aD0iMSIgaGVpZ2h0PSIxIiB4bWxucz0iaHR0cDovL3d3dy53My5vcmcvMjAwMC9zdmciPjwvc3ZnPg==\" style=\"--smush-placeholder-width: 410px; --smush-placeholder-aspect-ratio: 410\/261;\" \/><\/p>\n<p style=\"padding-left: 40px;\"><em>Jos\u00e9 Manuel Fern\u00e1ndez: piano y saxo<\/em><br \/>\n<em>Carlos Badorrey: trompeta<\/em><br \/>\n<em>Teo Romero: percusi\u00f3n<\/em><br \/>\n<em>Alex Saura: bater\u00eda<\/em><br \/>\n<em>Chus Fern\u00e1ndez: bajo<\/em><\/p>\n<p><em><strong>&#8211; Tr\u00edo Corrente<\/strong><\/em><\/p>\n<p><img data-recalc-dims=\"1\" decoding=\"async\" class=\"aligncenter  wp-image-10428 lazyload\" data-src=\"https:\/\/i0.wp.com\/www.jazzypunto.es\/jazzaragon\/wp-content\/uploads\/2020\/11\/Trio-Corrente-e1604401555203.jpg?resize=417%2C230\" alt=\"\" width=\"417\" height=\"230\" src=\"data:image\/svg+xml;base64,PHN2ZyB3aWR0aD0iMSIgaGVpZ2h0PSIxIiB4bWxucz0iaHR0cDovL3d3dy53My5vcmcvMjAwMC9zdmciPjwvc3ZnPg==\" style=\"--smush-placeholder-width: 417px; --smush-placeholder-aspect-ratio: 417\/230;\" \/><\/p>\n<p style=\"padding-left: 40px;\"><em>Edu Ribeiro: bater\u00eda<\/em><br \/>\n<em>Fabio Torres: piano<\/em><br \/>\n<em>Paulo Paulelli: bajo<\/em><\/p>\n<p><strong><em>\u2013 Entrega del premio \u00abBorja en Jazz\u00bb<\/em><\/strong><\/p>\n<p style=\"padding-left: 40px;\"><em>Organizaci\u00f3n la <strong>ONCE<\/strong><\/em><\/p>\n<p><img data-recalc-dims=\"1\" decoding=\"async\" class=\"aligncenter  wp-image-10429 lazyload\" data-src=\"https:\/\/i0.wp.com\/www.jazzypunto.es\/jazzaragon\/wp-content\/uploads\/2020\/11\/Premio-ONCE-e1604401609732.jpg?resize=416%2C273\" alt=\"\" width=\"416\" height=\"273\" src=\"data:image\/svg+xml;base64,PHN2ZyB3aWR0aD0iMSIgaGVpZ2h0PSIxIiB4bWxucz0iaHR0cDovL3d3dy53My5vcmcvMjAwMC9zdmciPjwvc3ZnPg==\" style=\"--smush-placeholder-width: 416px; --smush-placeholder-aspect-ratio: 416\/273;\" \/><\/p>\n<p style=\"text-align: center;\"><em><strong>Parque San Francisco<\/strong><\/em>\u00a0<em>\u00a000:30 horas<\/em><\/p>\n<p style=\"text-align: center;\">\u00a0<strong><em>Jam Session<\/em><\/strong><\/p>\n<p style=\"text-align: left;\"><em>Grupo base:<\/em><\/p>\n<p style=\"text-align: left; padding-left: 40px;\"><em>Alberto Enguita: saxo<\/em><br \/>\n<em>Diego Hervalejo: piano<\/em><br \/>\n<em>Jes\u00fas Mart\u00ed: bajo<\/em><br \/>\n<em>Israel Tubilleja: bater\u00eda<\/em><\/p>\n<h5><\/h5>\n<h5 style=\"text-align: center;\"><strong><em>S\u00e1bado 20 de Julio<\/em><\/strong><\/h5>\n<p style=\"text-align: center;\"><em><strong>Calles y Plazas de Borja desde Plaza Espa\u00f1a<\/strong>\u00a0 \u00a0 \u00a012:00 horas<\/em><\/p>\n<p><em><strong>\u2013 Dixieland Blues Band Band &#8211; Vermut<\/strong><\/em><\/p>\n<p><img data-recalc-dims=\"1\" decoding=\"async\" class=\"aligncenter  wp-image-10430 lazyload\" data-src=\"https:\/\/i0.wp.com\/www.jazzypunto.es\/jazzaragon\/wp-content\/uploads\/2020\/11\/Dixieland-e1604401644610.jpg?resize=410%2C289\" alt=\"\" width=\"410\" height=\"289\" src=\"data:image\/svg+xml;base64,PHN2ZyB3aWR0aD0iMSIgaGVpZ2h0PSIxIiB4bWxucz0iaHR0cDovL3d3dy53My5vcmcvMjAwMC9zdmciPjwvc3ZnPg==\" style=\"--smush-placeholder-width: 410px; --smush-placeholder-aspect-ratio: 410\/289;\" \/><\/p>\n<p style=\"padding-left: 40px;\"><em>Jos\u00e9 Carlos Badorrey: trompeta<\/em><br \/>\n<em>Jos\u00e9 Carlos Calvo: saxo soprano<\/em><br \/>\n<em>Guillermo Aguilar: banjo<\/em><br \/>\n<em>Francisco Javier Garc\u00eda: tromb\u00f3n<\/em><br \/>\n<em>Jos\u00e9 Luis Collado: tuba<\/em><br \/>\n<em>Juan Mill\u00e1n: percusi\u00f3n<\/em><\/p>\n<p style=\"text-align: center;\"><em><strong>Plaza de Espa\u00f1a\u00a0 \u00a0 <\/strong>22:20 horas<\/em><\/p>\n<p><em><strong>\u2013 DMD Tr\u00edo<\/strong><\/em><\/p>\n<p><img data-recalc-dims=\"1\" decoding=\"async\" class=\"aligncenter  wp-image-10431 lazyload\" data-src=\"https:\/\/i0.wp.com\/www.jazzypunto.es\/jazzaragon\/wp-content\/uploads\/2020\/11\/DMD-e1604401679451.jpg?resize=416%2C213\" alt=\"\" width=\"416\" height=\"213\" src=\"data:image\/svg+xml;base64,PHN2ZyB3aWR0aD0iMSIgaGVpZ2h0PSIxIiB4bWxucz0iaHR0cDovL3d3dy53My5vcmcvMjAwMC9zdmciPjwvc3ZnPg==\" style=\"--smush-placeholder-width: 416px; --smush-placeholder-aspect-ratio: 416\/213;\" \/><\/p>\n<p style=\"padding-left: 40px;\"><em>Miron Rafajlovic: trompeta<\/em><br \/>\n<em>Dan Rochlis: guitarra<\/em><br \/>\n<em>David Fern\u00e1ndez: bater\u00eda<\/em><\/p>\n<p><em><strong>&#8211; Alain P\u00e9rez y la Orquesta<\/strong><\/em><\/p>\n<p style=\"padding-left: 40px;\"><em>Alain P\u00e9rez + Orquesta de 15 m\u00fasicos<\/em><\/p>\n<p><img data-recalc-dims=\"1\" decoding=\"async\" class=\"aligncenter size-full wp-image-10432 lazyload\" data-src=\"https:\/\/i0.wp.com\/www.jazzypunto.es\/jazzaragon\/wp-content\/uploads\/2020\/11\/Alain-Perez-y-su-Banda.jpg?resize=474%2C224\" alt=\"\" width=\"474\" height=\"224\" data-srcset=\"https:\/\/i0.wp.com\/www.jazzypunto.es\/jazzaragon\/wp-content\/uploads\/2020\/11\/Alain-Perez-y-su-Banda.jpg?w=686&amp;ssl=1 686w, https:\/\/i0.wp.com\/www.jazzypunto.es\/jazzaragon\/wp-content\/uploads\/2020\/11\/Alain-Perez-y-su-Banda.jpg?resize=300%2C142&amp;ssl=1 300w\" data-sizes=\"(max-width: 474px) 100vw, 474px\" src=\"data:image\/svg+xml;base64,PHN2ZyB3aWR0aD0iMSIgaGVpZ2h0PSIxIiB4bWxucz0iaHR0cDovL3d3dy53My5vcmcvMjAwMC9zdmciPjwvc3ZnPg==\" style=\"--smush-placeholder-width: 474px; --smush-placeholder-aspect-ratio: 474\/224;\" \/><\/p>\n<p style=\"text-align: center;\"><em><strong>Parque San Francisco<\/strong><\/em>\u00a0<em>\u00a000:30 horas<\/em><\/p>\n<p style=\"text-align: center;\">\u00a0<strong><em>Jam Session<\/em><\/strong><\/p>\n<p><em>Grupo base:<\/em><\/p>\n<p style=\"padding-left: 40px;\"><em>Alberto Enguita: saxo<\/em><br \/>\n<em>Diego Hervalejo: piano<\/em><br \/>\n<em>Jes\u00fas Mart\u00ed: bajo<\/em><br \/>\n<em>Israel Tubilleja: bater\u00eda<\/em><\/p>\n<h5 style=\"text-align: center;\"><strong><em>Domingo 21 de Julio<\/em><\/strong><\/h5>\n<p style=\"text-align: center;\"><em><strong>Teatro Cine Cervantes\u00a0 \u00a0\u00a0<\/strong>12:00 horas<\/em><\/p>\n<p><em><strong>\u2013 Barcelona Gospel Messegers<\/strong><\/em><\/p>\n<p style=\"padding-left: 40px;\"><em>Coro dirigido por Ram\u00f3n Escal\u00e9<\/em><\/p>\n<p><img data-recalc-dims=\"1\" decoding=\"async\" class=\"aligncenter  wp-image-10433 lazyload\" data-src=\"https:\/\/i0.wp.com\/www.jazzypunto.es\/jazzaragon\/wp-content\/uploads\/2020\/11\/Borja-2019-Barcelona-Gospel-Messengers.jpg?resize=399%2C299\" alt=\"\" width=\"399\" height=\"299\" data-srcset=\"https:\/\/i0.wp.com\/www.jazzypunto.es\/jazzaragon\/wp-content\/uploads\/2020\/11\/Borja-2019-Barcelona-Gospel-Messengers.jpg?w=960&amp;ssl=1 960w, https:\/\/i0.wp.com\/www.jazzypunto.es\/jazzaragon\/wp-content\/uploads\/2020\/11\/Borja-2019-Barcelona-Gospel-Messengers.jpg?resize=300%2C225&amp;ssl=1 300w, https:\/\/i0.wp.com\/www.jazzypunto.es\/jazzaragon\/wp-content\/uploads\/2020\/11\/Borja-2019-Barcelona-Gospel-Messengers.jpg?resize=768%2C576&amp;ssl=1 768w\" data-sizes=\"(max-width: 399px) 100vw, 399px\" src=\"data:image\/svg+xml;base64,PHN2ZyB3aWR0aD0iMSIgaGVpZ2h0PSIxIiB4bWxucz0iaHR0cDovL3d3dy53My5vcmcvMjAwMC9zdmciPjwvc3ZnPg==\" style=\"--smush-placeholder-width: 399px; --smush-placeholder-aspect-ratio: 399\/299;\" \/><\/p>\n<p style=\"text-align: center;\"><em><strong>Calles y plazas de Borja, Auditorio Municipal y Bodegas<\/strong>\u00a0 \u00a0 \u00a013:00 horas<\/em><\/p>\n<p><em><strong>&#8211; Visita a las Bodegas con Dixieland Blues Band<\/strong><\/em><\/p>\n<p style=\"text-align: center;\"><em><strong>Director Art\u00edstico:<\/strong>\u00a0Chus Fern\u00e1ndez<\/em><\/p>\n<p><strong><em>Patrocina:<\/em><\/strong><\/p>\n<p style=\"padding-left: 40px;\"><em>Ayuntamiento de Borja<\/em><br \/>\n<em>Ciudad de Borja<\/em><\/p>\n<p><strong><em>Colaboran:<\/em><\/strong><\/p>\n<p style=\"padding-left: 40px;\"><em>Cafes Borjalar<\/em><br \/>\n<em>Bodegas Bordej\u00e9<\/em><br \/>\n<em>ONCE<\/em><br \/>\n<em>Hostal Loteta<\/em><\/p>\n","protected":false},"excerpt":{"rendered":"<p>Del \u00a018 al 21 de Julio Jueves 18 de Julio Teatro Cine Cervantes\u00a0 \u00a0\u00a021:00 horas Apertura del Borja en Jazz \u2013 The Marta\u00b4s Way Marta Mar\u00edn: voz Candela Mar\u00edn: voz Jos\u00e9 Luis Mar\u00edn: bajo y percusi\u00f3n David Fern\u00e1ndez: bater\u00eda Chavi Naval: saxo y flauta Chus Fern\u00e1ndez: bajo Viernes 19 de Julio Teatro Cine Cervantes\u00a0 \u00a0\u00a022:00 &hellip; <a href=\"https:\/\/www.jazzypunto.es\/jazzaragon\/borjaenjazz-2019\/\" class=\"more-link\">Seguir leyendo <span class=\"screen-reader-text\">BorjaenJazz 2019<\/span> <span class=\"meta-nav\">&rarr;<\/span><\/a><\/p>\n","protected":false},"author":1,"featured_media":0,"parent":0,"menu_order":0,"comment_status":"open","ping_status":"closed","template":"page-templates\/full-width.php","meta":{"footnotes":""},"class_list":["post-10416","page","type-page","status-publish","hentry"],"yoast_head":"<!-- This site is optimized with the Yoast SEO plugin v27.3 - https:\/\/yoast.com\/product\/yoast-seo-wordpress\/ -->\n<title>BorjaenJazz 2019 &#8212; Jazz Arag\u00f3n<\/title>\n<meta name=\"robots\" content=\"index, follow, max-snippet:-1, max-image-preview:large, max-video-preview:-1\" \/>\n<link rel=\"canonical\" href=\"https:\/\/www.jazzypunto.es\/jazzaragon\/borjaenjazz-2019\/\" \/>\n<meta property=\"og:locale\" content=\"es_ES\" \/>\n<meta property=\"og:type\" content=\"article\" \/>\n<meta property=\"og:title\" content=\"BorjaenJazz 2019 &#8212; Jazz Arag\u00f3n\" \/>\n<meta property=\"og:description\" content=\"Del \u00a018 al 21 de Julio Jueves 18 de Julio Teatro Cine Cervantes\u00a0 \u00a0\u00a021:00 horas Apertura del Borja en Jazz \u2013 The Marta\u00b4s Way Marta Mar\u00edn: voz Candela Mar\u00edn: voz Jos\u00e9 Luis Mar\u00edn: bajo y percusi\u00f3n David Fern\u00e1ndez: bater\u00eda Chavi Naval: saxo y flauta Chus Fern\u00e1ndez: bajo Viernes 19 de Julio Teatro Cine Cervantes\u00a0 \u00a0\u00a022:00 &hellip; Seguir leyendo BorjaenJazz 2019 &rarr;\" \/>\n<meta property=\"og:url\" content=\"https:\/\/www.jazzypunto.es\/jazzaragon\/borjaenjazz-2019\/\" \/>\n<meta property=\"og:site_name\" content=\"Jazz Arag\u00f3n\" \/>\n<meta property=\"article:publisher\" content=\"https:\/\/www.facebook.com\/Danijazz\/\" \/>\n<meta property=\"article:modified_time\" content=\"2021-08-21T18:25:03+00:00\" \/>\n<meta property=\"og:image\" content=\"http:\/\/www.jazzypunto.es\/jazzaragon\/wp-content\/uploads\/2020\/10\/Borja-Cartel-2019-e1604085026109.jpg\" \/>\n<meta name=\"twitter:card\" content=\"summary_large_image\" \/>\n<meta name=\"twitter:site\" content=\"@_jazzaragon\" \/>\n<meta name=\"twitter:label1\" content=\"Tiempo de lectura\" \/>\n\t<meta name=\"twitter:data1\" content=\"1 minuto\" \/>\n<script type=\"application\/ld+json\" class=\"yoast-schema-graph\">{\"@context\":\"https:\\\/\\\/schema.org\",\"@graph\":[{\"@type\":\"WebPage\",\"@id\":\"https:\\\/\\\/www.jazzypunto.es\\\/jazzaragon\\\/borjaenjazz-2019\\\/\",\"url\":\"https:\\\/\\\/www.jazzypunto.es\\\/jazzaragon\\\/borjaenjazz-2019\\\/\",\"name\":\"BorjaenJazz 2019 &#8212; Jazz Arag\u00f3n\",\"isPartOf\":{\"@id\":\"https:\\\/\\\/www.jazzypunto.es\\\/jazzaragon\\\/#website\"},\"primaryImageOfPage\":{\"@id\":\"https:\\\/\\\/www.jazzypunto.es\\\/jazzaragon\\\/borjaenjazz-2019\\\/#primaryimage\"},\"image\":{\"@id\":\"https:\\\/\\\/www.jazzypunto.es\\\/jazzaragon\\\/borjaenjazz-2019\\\/#primaryimage\"},\"thumbnailUrl\":\"http:\\\/\\\/www.jazzypunto.es\\\/jazzaragon\\\/wp-content\\\/uploads\\\/2020\\\/10\\\/Borja-Cartel-2019-e1604085026109.jpg\",\"datePublished\":\"2020-11-03T10:34:43+00:00\",\"dateModified\":\"2021-08-21T18:25:03+00:00\",\"breadcrumb\":{\"@id\":\"https:\\\/\\\/www.jazzypunto.es\\\/jazzaragon\\\/borjaenjazz-2019\\\/#breadcrumb\"},\"inLanguage\":\"es\",\"potentialAction\":[{\"@type\":\"ReadAction\",\"target\":[\"https:\\\/\\\/www.jazzypunto.es\\\/jazzaragon\\\/borjaenjazz-2019\\\/\"]}]},{\"@type\":\"ImageObject\",\"inLanguage\":\"es\",\"@id\":\"https:\\\/\\\/www.jazzypunto.es\\\/jazzaragon\\\/borjaenjazz-2019\\\/#primaryimage\",\"url\":\"https:\\\/\\\/i0.wp.com\\\/www.jazzypunto.es\\\/jazzaragon\\\/wp-content\\\/uploads\\\/2020\\\/10\\\/Borja-Cartel-2019-e1604085026109.jpg?fit=495%2C700&ssl=1\",\"contentUrl\":\"https:\\\/\\\/i0.wp.com\\\/www.jazzypunto.es\\\/jazzaragon\\\/wp-content\\\/uploads\\\/2020\\\/10\\\/Borja-Cartel-2019-e1604085026109.jpg?fit=495%2C700&ssl=1\",\"width\":495,\"height\":700},{\"@type\":\"BreadcrumbList\",\"@id\":\"https:\\\/\\\/www.jazzypunto.es\\\/jazzaragon\\\/borjaenjazz-2019\\\/#breadcrumb\",\"itemListElement\":[{\"@type\":\"ListItem\",\"position\":1,\"name\":\"Portada\",\"item\":\"https:\\\/\\\/www.jazzypunto.es\\\/jazzaragon\\\/\"},{\"@type\":\"ListItem\",\"position\":2,\"name\":\"BorjaenJazz 2019\"}]},{\"@type\":\"WebSite\",\"@id\":\"https:\\\/\\\/www.jazzypunto.es\\\/jazzaragon\\\/#website\",\"url\":\"https:\\\/\\\/www.jazzypunto.es\\\/jazzaragon\\\/\",\"name\":\"Jazz Arag\u00f3n\",\"description\":\"Historia y Actualidad\",\"publisher\":{\"@id\":\"https:\\\/\\\/www.jazzypunto.es\\\/jazzaragon\\\/#\\\/schema\\\/person\\\/c0d650c3b28b68befb325c5cddc3b0fe\"},\"potentialAction\":[{\"@type\":\"SearchAction\",\"target\":{\"@type\":\"EntryPoint\",\"urlTemplate\":\"https:\\\/\\\/www.jazzypunto.es\\\/jazzaragon\\\/?s={search_term_string}\"},\"query-input\":{\"@type\":\"PropertyValueSpecification\",\"valueRequired\":true,\"valueName\":\"search_term_string\"}}],\"inLanguage\":\"es\"},{\"@type\":[\"Person\",\"Organization\"],\"@id\":\"https:\\\/\\\/www.jazzypunto.es\\\/jazzaragon\\\/#\\\/schema\\\/person\\\/c0d650c3b28b68befb325c5cddc3b0fe\",\"name\":\"Danijazz\",\"image\":{\"@type\":\"ImageObject\",\"inLanguage\":\"es\",\"@id\":\"https:\\\/\\\/i0.wp.com\\\/www.jazzypunto.es\\\/jazzaragon\\\/wp-content\\\/uploads\\\/2022\\\/11\\\/Benja_Daniel-e1667983357479.jpg?fit=1000%2C975&ssl=1\",\"url\":\"https:\\\/\\\/i0.wp.com\\\/www.jazzypunto.es\\\/jazzaragon\\\/wp-content\\\/uploads\\\/2022\\\/11\\\/Benja_Daniel-e1667983357479.jpg?fit=1000%2C975&ssl=1\",\"contentUrl\":\"https:\\\/\\\/i0.wp.com\\\/www.jazzypunto.es\\\/jazzaragon\\\/wp-content\\\/uploads\\\/2022\\\/11\\\/Benja_Daniel-e1667983357479.jpg?fit=1000%2C975&ssl=1\",\"width\":1000,\"height\":975,\"caption\":\"Danijazz\"},\"logo\":{\"@id\":\"https:\\\/\\\/i0.wp.com\\\/www.jazzypunto.es\\\/jazzaragon\\\/wp-content\\\/uploads\\\/2022\\\/11\\\/Benja_Daniel-e1667983357479.jpg?fit=1000%2C975&ssl=1\"},\"sameAs\":[\"https:\\\/\\\/www.facebook.com\\\/Danijazz\\\/\"]}]}<\/script>\n<!-- \/ Yoast SEO plugin. -->","yoast_head_json":{"title":"BorjaenJazz 2019 &#8212; Jazz Arag\u00f3n","robots":{"index":"index","follow":"follow","max-snippet":"max-snippet:-1","max-image-preview":"max-image-preview:large","max-video-preview":"max-video-preview:-1"},"canonical":"https:\/\/www.jazzypunto.es\/jazzaragon\/borjaenjazz-2019\/","og_locale":"es_ES","og_type":"article","og_title":"BorjaenJazz 2019 &#8212; Jazz Arag\u00f3n","og_description":"Del \u00a018 al 21 de Julio Jueves 18 de Julio Teatro Cine Cervantes\u00a0 \u00a0\u00a021:00 horas Apertura del Borja en Jazz \u2013 The Marta\u00b4s Way Marta Mar\u00edn: voz Candela Mar\u00edn: voz Jos\u00e9 Luis Mar\u00edn: bajo y percusi\u00f3n David Fern\u00e1ndez: bater\u00eda Chavi Naval: saxo y flauta Chus Fern\u00e1ndez: bajo Viernes 19 de Julio Teatro Cine Cervantes\u00a0 \u00a0\u00a022:00 &hellip; Seguir leyendo BorjaenJazz 2019 &rarr;","og_url":"https:\/\/www.jazzypunto.es\/jazzaragon\/borjaenjazz-2019\/","og_site_name":"Jazz Arag\u00f3n","article_publisher":"https:\/\/www.facebook.com\/Danijazz\/","article_modified_time":"2021-08-21T18:25:03+00:00","og_image":[{"url":"http:\/\/www.jazzypunto.es\/jazzaragon\/wp-content\/uploads\/2020\/10\/Borja-Cartel-2019-e1604085026109.jpg","type":"","width":"","height":""}],"twitter_card":"summary_large_image","twitter_site":"@_jazzaragon","twitter_misc":{"Tiempo de lectura":"1 minuto"},"schema":{"@context":"https:\/\/schema.org","@graph":[{"@type":"WebPage","@id":"https:\/\/www.jazzypunto.es\/jazzaragon\/borjaenjazz-2019\/","url":"https:\/\/www.jazzypunto.es\/jazzaragon\/borjaenjazz-2019\/","name":"BorjaenJazz 2019 &#8212; Jazz Arag\u00f3n","isPartOf":{"@id":"https:\/\/www.jazzypunto.es\/jazzaragon\/#website"},"primaryImageOfPage":{"@id":"https:\/\/www.jazzypunto.es\/jazzaragon\/borjaenjazz-2019\/#primaryimage"},"image":{"@id":"https:\/\/www.jazzypunto.es\/jazzaragon\/borjaenjazz-2019\/#primaryimage"},"thumbnailUrl":"http:\/\/www.jazzypunto.es\/jazzaragon\/wp-content\/uploads\/2020\/10\/Borja-Cartel-2019-e1604085026109.jpg","datePublished":"2020-11-03T10:34:43+00:00","dateModified":"2021-08-21T18:25:03+00:00","breadcrumb":{"@id":"https:\/\/www.jazzypunto.es\/jazzaragon\/borjaenjazz-2019\/#breadcrumb"},"inLanguage":"es","potentialAction":[{"@type":"ReadAction","target":["https:\/\/www.jazzypunto.es\/jazzaragon\/borjaenjazz-2019\/"]}]},{"@type":"ImageObject","inLanguage":"es","@id":"https:\/\/www.jazzypunto.es\/jazzaragon\/borjaenjazz-2019\/#primaryimage","url":"https:\/\/i0.wp.com\/www.jazzypunto.es\/jazzaragon\/wp-content\/uploads\/2020\/10\/Borja-Cartel-2019-e1604085026109.jpg?fit=495%2C700&ssl=1","contentUrl":"https:\/\/i0.wp.com\/www.jazzypunto.es\/jazzaragon\/wp-content\/uploads\/2020\/10\/Borja-Cartel-2019-e1604085026109.jpg?fit=495%2C700&ssl=1","width":495,"height":700},{"@type":"BreadcrumbList","@id":"https:\/\/www.jazzypunto.es\/jazzaragon\/borjaenjazz-2019\/#breadcrumb","itemListElement":[{"@type":"ListItem","position":1,"name":"Portada","item":"https:\/\/www.jazzypunto.es\/jazzaragon\/"},{"@type":"ListItem","position":2,"name":"BorjaenJazz 2019"}]},{"@type":"WebSite","@id":"https:\/\/www.jazzypunto.es\/jazzaragon\/#website","url":"https:\/\/www.jazzypunto.es\/jazzaragon\/","name":"Jazz Arag\u00f3n","description":"Historia y Actualidad","publisher":{"@id":"https:\/\/www.jazzypunto.es\/jazzaragon\/#\/schema\/person\/c0d650c3b28b68befb325c5cddc3b0fe"},"potentialAction":[{"@type":"SearchAction","target":{"@type":"EntryPoint","urlTemplate":"https:\/\/www.jazzypunto.es\/jazzaragon\/?s={search_term_string}"},"query-input":{"@type":"PropertyValueSpecification","valueRequired":true,"valueName":"search_term_string"}}],"inLanguage":"es"},{"@type":["Person","Organization"],"@id":"https:\/\/www.jazzypunto.es\/jazzaragon\/#\/schema\/person\/c0d650c3b28b68befb325c5cddc3b0fe","name":"Danijazz","image":{"@type":"ImageObject","inLanguage":"es","@id":"https:\/\/i0.wp.com\/www.jazzypunto.es\/jazzaragon\/wp-content\/uploads\/2022\/11\/Benja_Daniel-e1667983357479.jpg?fit=1000%2C975&ssl=1","url":"https:\/\/i0.wp.com\/www.jazzypunto.es\/jazzaragon\/wp-content\/uploads\/2022\/11\/Benja_Daniel-e1667983357479.jpg?fit=1000%2C975&ssl=1","contentUrl":"https:\/\/i0.wp.com\/www.jazzypunto.es\/jazzaragon\/wp-content\/uploads\/2022\/11\/Benja_Daniel-e1667983357479.jpg?fit=1000%2C975&ssl=1","width":1000,"height":975,"caption":"Danijazz"},"logo":{"@id":"https:\/\/i0.wp.com\/www.jazzypunto.es\/jazzaragon\/wp-content\/uploads\/2022\/11\/Benja_Daniel-e1667983357479.jpg?fit=1000%2C975&ssl=1"},"sameAs":["https:\/\/www.facebook.com\/Danijazz\/"]}]}},"jetpack_sharing_enabled":true,"_links":{"self":[{"href":"https:\/\/www.jazzypunto.es\/jazzaragon\/wp-json\/wp\/v2\/pages\/10416","targetHints":{"allow":["GET"]}}],"collection":[{"href":"https:\/\/www.jazzypunto.es\/jazzaragon\/wp-json\/wp\/v2\/pages"}],"about":[{"href":"https:\/\/www.jazzypunto.es\/jazzaragon\/wp-json\/wp\/v2\/types\/page"}],"author":[{"embeddable":true,"href":"https:\/\/www.jazzypunto.es\/jazzaragon\/wp-json\/wp\/v2\/users\/1"}],"replies":[{"embeddable":true,"href":"https:\/\/www.jazzypunto.es\/jazzaragon\/wp-json\/wp\/v2\/comments?post=10416"}],"version-history":[{"count":12,"href":"https:\/\/www.jazzypunto.es\/jazzaragon\/wp-json\/wp\/v2\/pages\/10416\/revisions"}],"predecessor-version":[{"id":12619,"href":"https:\/\/www.jazzypunto.es\/jazzaragon\/wp-json\/wp\/v2\/pages\/10416\/revisions\/12619"}],"wp:attachment":[{"href":"https:\/\/www.jazzypunto.es\/jazzaragon\/wp-json\/wp\/v2\/media?parent=10416"}],"curies":[{"name":"wp","href":"https:\/\/api.w.org\/{rel}","templated":true}]}}