{"id":6111,"date":"2016-08-30T23:13:45","date_gmt":"2016-08-30T21:13:45","guid":{"rendered":"http:\/\/www.jazzypunto.es\/jazzaragon\/?page_id=6111"},"modified":"2020-11-27T19:59:15","modified_gmt":"2020-11-27T18:59:15","slug":"aragonian","status":"publish","type":"page","link":"https:\/\/www.jazzypunto.es\/jazzaragon\/musicos\/grupos-y-bandas\/aragonian\/","title":{"rendered":"Aragonian"},"content":{"rendered":"<p style=\"text-align: justify;\"><em>Aragonian nace en el 2010 y es un grupo de m\u00fasica instrumental que fusiona el folklore Aragon\u00e9s con el jazz y la m\u00fasica moderna. Esta idea parte del trompetista oscense Gerardo L\u00f3pez que observando la evoluci\u00f3n de otras m\u00fasicas tradicionales intenta hacer lo mismo con la suya, y de hecho lo consigue. El resultado de esta fusi\u00f3n llega con la ayuda de grandes m\u00fasicos.<\/em><\/p>\n<p><em>Este proyecto que no tiene precedentes, pretende acercar la m\u00fasica tradicional a los oyentes desde otro punto de vista, desde un punto de vista del mundo del jazz y la m\u00fasica moderna.<\/em><\/p>\n<p><em>Con esta filosof\u00eda y marca de la casa el quinteto ha sacado tres discos al mercado: \u201c5 Jotas\u201d, \u201cY 7 son 12\u201d y<\/em><br \/>\n<em>\u201cSt. Lawrence \u00b4s Blues\u201d que es la gira del a\u00f1o 2016.<\/em><\/p>\n<p><em>El grupo se form\u00f3, en un principio. con:<\/em><\/p>\n<p style=\"padding-left: 40px;\"><em>Gerardo L\u00f3pez: trompeta y flughel<\/em><br \/>\n<em>Miguel \u00c1ngel Royo: saxo tenor y flauta<\/em><br \/>\n<em>Alonso Mart\u00ednez: guitarra<\/em><br \/>\n<em>Jes\u00fas Mart\u00ed \u00abPel\u00f3n\u00bb: bajo<\/em><br \/>\n<em>Pablo Posa: bater\u00eda<\/em><\/p>\n<p><em>Adem\u00e1s de los discos realizados el grupo ha realizado conciertos por varios puntos de la geograf\u00eda Espa\u00f1ola e incluso ha cruzado la frontera realizando una actuaci\u00f3n en Toulouse(Francia):<\/em><\/p>\n<p><em>-Estreno en el Festival de Jazz Al Margen Centro C\u00edvico La Jota, 28 Noviembre 2009, Zaragoza.<\/em><br \/>\n<em>-Fiestas del Barrio Arrabal, Mayo 2010, Zaragoza.<\/em><br \/>\n<em>-Actuaci\u00f3n Juan Sebastian Bar, Huesca, 27 Junio 2010.<\/em><br \/>\n<em>-Festival Rondo Jazz, , Noviembre 2010(4 actuaciones), Zaragoza.<\/em><br \/>\n<em>-Presentaci\u00f3n disco, 5 Jotas, Centro C\u00edvico el Matadero, 21 Enero 2011, Huesca.<\/em><br \/>\n<em>-Festival Jazz Plaza Imperial, Zaragoza, Marzo 2011.<\/em><br \/>\n<em>-Casa de Cultura de Aguaron, Zaragoza, 15 Mayo 2011-05-10.<\/em><br \/>\n<em>-Festival \u201cEstoesloquehay\u201d, Alquezar Huesca, 15 Mayo 2011.<\/em><br \/>\n<em>-MAEM 2011 (Muestra de las Artes escenicas de Arag\u00f3n), Alca\u00f1iz, Zaragoza, 31 Mayo 2011.<\/em><br \/>\n<em>-Huesca Plaza Navarra, Fiestas de San Lorenzo 2011, 13 de Agosto 2011.<\/em><br \/>\n<em>-Anfiteatro del Agua, Ejea de los Caballeros, 14 de Agosto 2011.<\/em><br \/>\n<em>-Mercat de la M\u00fasica en viu de Vic, 17 de Septiembre 2011.<\/em><br \/>\n<em>-Casa Goya, Mequinenza, 2 de Octubre 2011-10-05.<\/em><br \/>\n<em>-Festival de Jazz Teruel, 27 Octubre 2011.<\/em><br \/>\n<em>-Festival de Jazz Zaragoza, 11 de Noviembre 2011.<\/em><br \/>\n<em>-La Almunia, 12 de Noviembre 2011.<\/em><br \/>\n<em>-Toulousse, 11 de Enero 2012.<\/em><br \/>\n<em>-Festival de Jazz Castejon de Sos, 21 Enero 2012.<\/em><br \/>\n<em>-Sabi\u00f1anigo, 10 Febrero 2012<\/em><br \/>\n<em>&#8211; Festival Pirineo Sur,16 de Julio 2012.<\/em><br \/>\n<em>-Festival de Jazz de Muel,<\/em><br \/>\n<em>-Teatro del Mercado, 30 Noviembre 2013<\/em><br \/>\n<em>-Utebo, 18 Enero 2014.<\/em><br \/>\n<em>-Zaragoza, 14 Marzo 2014, Presentacion disco \u201c\u2026Y 7 son 12\u201d<\/em><br \/>\n<em>-Huesca, Matadero. 15 Marzo 2014, Presentacion disco \u201c\u2026Y 7 son 12\u201d<\/em><br \/>\n<em>-Monzon, 3 Julio 2014<\/em><br \/>\n<em>-Sala Eden, Huesca, 4 de Julio 2014.<\/em><br \/>\n<em>-Tardienta, Huesca, 5 de Julio 2014.<\/em><br \/>\n<em>-Festival Jazz al Margen, Zaragoza, 31 de Octubre 2014.<\/em><br \/>\n<em>-Zuera, Zaragoza, 7 de Noviembre 2014.<\/em><br \/>\n<em>-Segundo jazz, Madrid, 12 de Marzo 2015.<\/em><br \/>\n<em>-La Ribera, Bilbao, 13 de Marzo 2015.<\/em><\/p>\n","protected":false},"excerpt":{"rendered":"<p>Aragonian nace en el 2010 y es un grupo de m\u00fasica instrumental que fusiona el folklore Aragon\u00e9s con el jazz y la m\u00fasica moderna. Esta idea parte del trompetista oscense Gerardo L\u00f3pez que observando la evoluci\u00f3n de otras m\u00fasicas tradicionales intenta hacer lo mismo con la suya, y de hecho lo consigue. El resultado de &hellip; <a href=\"https:\/\/www.jazzypunto.es\/jazzaragon\/musicos\/grupos-y-bandas\/aragonian\/\" class=\"more-link\">Seguir leyendo <span class=\"screen-reader-text\">Aragonian<\/span> <span class=\"meta-nav\">&rarr;<\/span><\/a><\/p>\n","protected":false},"author":1,"featured_media":6113,"parent":2010,"menu_order":0,"comment_status":"closed","ping_status":"closed","template":"page-templates\/full-width.php","meta":{"footnotes":""},"class_list":["post-6111","page","type-page","status-publish","has-post-thumbnail","hentry"],"yoast_head":"<!-- This site is optimized with the Yoast SEO plugin v27.6 - https:\/\/yoast.com\/product\/yoast-seo-wordpress\/ -->\n<title>Aragonian &#8212; Jazz Arag\u00f3n<\/title>\n<meta name=\"robots\" content=\"index, follow, max-snippet:-1, max-image-preview:large, max-video-preview:-1\" \/>\n<link rel=\"canonical\" href=\"https:\/\/www.jazzypunto.es\/jazzaragon\/musicos\/grupos-y-bandas\/aragonian\/\" \/>\n<meta property=\"og:locale\" content=\"es_ES\" \/>\n<meta property=\"og:type\" content=\"article\" \/>\n<meta property=\"og:title\" content=\"Aragonian &#8212; Jazz Arag\u00f3n\" \/>\n<meta property=\"og:description\" content=\"Aragonian nace en el 2010 y es un grupo de m\u00fasica instrumental que fusiona el folklore Aragon\u00e9s con el jazz y la m\u00fasica moderna. Esta idea parte del trompetista oscense Gerardo L\u00f3pez que observando la evoluci\u00f3n de otras m\u00fasicas tradicionales intenta hacer lo mismo con la suya, y de hecho lo consigue. El resultado de &hellip; Seguir leyendo Aragonian &rarr;\" \/>\n<meta property=\"og:url\" content=\"https:\/\/www.jazzypunto.es\/jazzaragon\/musicos\/grupos-y-bandas\/aragonian\/\" \/>\n<meta property=\"og:site_name\" content=\"Jazz Arag\u00f3n\" \/>\n<meta property=\"article:publisher\" content=\"https:\/\/www.facebook.com\/Danijazz\/\" \/>\n<meta property=\"article:modified_time\" content=\"2020-11-27T18:59:15+00:00\" \/>\n<meta property=\"og:image\" content=\"https:\/\/i0.wp.com\/www.jazzypunto.es\/jazzaragon\/wp-content\/uploads\/2016\/08\/Aragonian-3.jpg?fit=600%2C296&ssl=1\" \/>\n\t<meta property=\"og:image:width\" content=\"600\" \/>\n\t<meta property=\"og:image:height\" content=\"296\" \/>\n\t<meta property=\"og:image:type\" content=\"image\/jpeg\" \/>\n<meta name=\"twitter:card\" content=\"summary_large_image\" \/>\n<meta name=\"twitter:site\" content=\"@_jazzaragon\" \/>\n<meta name=\"twitter:label1\" content=\"Tiempo de lectura\" \/>\n\t<meta name=\"twitter:data1\" content=\"2 minutos\" \/>\n<script type=\"application\/ld+json\" class=\"yoast-schema-graph\">{\"@context\":\"https:\\\/\\\/schema.org\",\"@graph\":[{\"@type\":\"WebPage\",\"@id\":\"https:\\\/\\\/www.jazzypunto.es\\\/jazzaragon\\\/musicos\\\/grupos-y-bandas\\\/aragonian\\\/\",\"url\":\"https:\\\/\\\/www.jazzypunto.es\\\/jazzaragon\\\/musicos\\\/grupos-y-bandas\\\/aragonian\\\/\",\"name\":\"Aragonian &#8212; Jazz Arag\u00f3n\",\"isPartOf\":{\"@id\":\"https:\\\/\\\/www.jazzypunto.es\\\/jazzaragon\\\/#website\"},\"primaryImageOfPage\":{\"@id\":\"https:\\\/\\\/www.jazzypunto.es\\\/jazzaragon\\\/musicos\\\/grupos-y-bandas\\\/aragonian\\\/#primaryimage\"},\"image\":{\"@id\":\"https:\\\/\\\/www.jazzypunto.es\\\/jazzaragon\\\/musicos\\\/grupos-y-bandas\\\/aragonian\\\/#primaryimage\"},\"thumbnailUrl\":\"https:\\\/\\\/i0.wp.com\\\/www.jazzypunto.es\\\/jazzaragon\\\/wp-content\\\/uploads\\\/2016\\\/08\\\/Aragonian-3.jpg?fit=600%2C296&ssl=1\",\"datePublished\":\"2016-08-30T21:13:45+00:00\",\"dateModified\":\"2020-11-27T18:59:15+00:00\",\"breadcrumb\":{\"@id\":\"https:\\\/\\\/www.jazzypunto.es\\\/jazzaragon\\\/musicos\\\/grupos-y-bandas\\\/aragonian\\\/#breadcrumb\"},\"inLanguage\":\"es\",\"potentialAction\":[{\"@type\":\"ReadAction\",\"target\":[\"https:\\\/\\\/www.jazzypunto.es\\\/jazzaragon\\\/musicos\\\/grupos-y-bandas\\\/aragonian\\\/\"]}]},{\"@type\":\"ImageObject\",\"inLanguage\":\"es\",\"@id\":\"https:\\\/\\\/www.jazzypunto.es\\\/jazzaragon\\\/musicos\\\/grupos-y-bandas\\\/aragonian\\\/#primaryimage\",\"url\":\"https:\\\/\\\/i0.wp.com\\\/www.jazzypunto.es\\\/jazzaragon\\\/wp-content\\\/uploads\\\/2016\\\/08\\\/Aragonian-3.jpg?fit=600%2C296&ssl=1\",\"contentUrl\":\"https:\\\/\\\/i0.wp.com\\\/www.jazzypunto.es\\\/jazzaragon\\\/wp-content\\\/uploads\\\/2016\\\/08\\\/Aragonian-3.jpg?fit=600%2C296&ssl=1\",\"width\":600,\"height\":296},{\"@type\":\"BreadcrumbList\",\"@id\":\"https:\\\/\\\/www.jazzypunto.es\\\/jazzaragon\\\/musicos\\\/grupos-y-bandas\\\/aragonian\\\/#breadcrumb\",\"itemListElement\":[{\"@type\":\"ListItem\",\"position\":1,\"name\":\"Portada\",\"item\":\"https:\\\/\\\/www.jazzypunto.es\\\/jazzaragon\\\/\"},{\"@type\":\"ListItem\",\"position\":2,\"name\":\"M\u00fasicos de Arag\u00f3n\",\"item\":\"https:\\\/\\\/www.jazzypunto.es\\\/jazzaragon\\\/musicos\\\/\"},{\"@type\":\"ListItem\",\"position\":3,\"name\":\"Grupos y Bandas\",\"item\":\"https:\\\/\\\/www.jazzypunto.es\\\/jazzaragon\\\/musicos\\\/grupos-y-bandas\\\/\"},{\"@type\":\"ListItem\",\"position\":4,\"name\":\"Aragonian\"}]},{\"@type\":\"WebSite\",\"@id\":\"https:\\\/\\\/www.jazzypunto.es\\\/jazzaragon\\\/#website\",\"url\":\"https:\\\/\\\/www.jazzypunto.es\\\/jazzaragon\\\/\",\"name\":\"Jazz Arag\u00f3n\",\"description\":\"Historia y Actualidad\",\"publisher\":{\"@id\":\"https:\\\/\\\/www.jazzypunto.es\\\/jazzaragon\\\/#\\\/schema\\\/person\\\/c0d650c3b28b68befb325c5cddc3b0fe\"},\"potentialAction\":[{\"@type\":\"SearchAction\",\"target\":{\"@type\":\"EntryPoint\",\"urlTemplate\":\"https:\\\/\\\/www.jazzypunto.es\\\/jazzaragon\\\/?s={search_term_string}\"},\"query-input\":{\"@type\":\"PropertyValueSpecification\",\"valueRequired\":true,\"valueName\":\"search_term_string\"}}],\"inLanguage\":\"es\"},{\"@type\":[\"Person\",\"Organization\"],\"@id\":\"https:\\\/\\\/www.jazzypunto.es\\\/jazzaragon\\\/#\\\/schema\\\/person\\\/c0d650c3b28b68befb325c5cddc3b0fe\",\"name\":\"Danijazz\",\"image\":{\"@type\":\"ImageObject\",\"inLanguage\":\"es\",\"@id\":\"https:\\\/\\\/i0.wp.com\\\/www.jazzypunto.es\\\/jazzaragon\\\/wp-content\\\/uploads\\\/2022\\\/11\\\/Benja_Daniel-e1667983357479.jpg?fit=1000%2C975&ssl=1\",\"url\":\"https:\\\/\\\/i0.wp.com\\\/www.jazzypunto.es\\\/jazzaragon\\\/wp-content\\\/uploads\\\/2022\\\/11\\\/Benja_Daniel-e1667983357479.jpg?fit=1000%2C975&ssl=1\",\"contentUrl\":\"https:\\\/\\\/i0.wp.com\\\/www.jazzypunto.es\\\/jazzaragon\\\/wp-content\\\/uploads\\\/2022\\\/11\\\/Benja_Daniel-e1667983357479.jpg?fit=1000%2C975&ssl=1\",\"width\":1000,\"height\":975,\"caption\":\"Danijazz\"},\"logo\":{\"@id\":\"https:\\\/\\\/i0.wp.com\\\/www.jazzypunto.es\\\/jazzaragon\\\/wp-content\\\/uploads\\\/2022\\\/11\\\/Benja_Daniel-e1667983357479.jpg?fit=1000%2C975&ssl=1\"},\"sameAs\":[\"https:\\\/\\\/www.facebook.com\\\/Danijazz\\\/\"]}]}<\/script>\n<!-- \/ Yoast SEO plugin. -->","yoast_head_json":{"title":"Aragonian &#8212; Jazz Arag\u00f3n","robots":{"index":"index","follow":"follow","max-snippet":"max-snippet:-1","max-image-preview":"max-image-preview:large","max-video-preview":"max-video-preview:-1"},"canonical":"https:\/\/www.jazzypunto.es\/jazzaragon\/musicos\/grupos-y-bandas\/aragonian\/","og_locale":"es_ES","og_type":"article","og_title":"Aragonian &#8212; Jazz Arag\u00f3n","og_description":"Aragonian nace en el 2010 y es un grupo de m\u00fasica instrumental que fusiona el folklore Aragon\u00e9s con el jazz y la m\u00fasica moderna. Esta idea parte del trompetista oscense Gerardo L\u00f3pez que observando la evoluci\u00f3n de otras m\u00fasicas tradicionales intenta hacer lo mismo con la suya, y de hecho lo consigue. El resultado de &hellip; Seguir leyendo Aragonian &rarr;","og_url":"https:\/\/www.jazzypunto.es\/jazzaragon\/musicos\/grupos-y-bandas\/aragonian\/","og_site_name":"Jazz Arag\u00f3n","article_publisher":"https:\/\/www.facebook.com\/Danijazz\/","article_modified_time":"2020-11-27T18:59:15+00:00","og_image":[{"width":600,"height":296,"url":"https:\/\/i0.wp.com\/www.jazzypunto.es\/jazzaragon\/wp-content\/uploads\/2016\/08\/Aragonian-3.jpg?fit=600%2C296&ssl=1","type":"image\/jpeg"}],"twitter_card":"summary_large_image","twitter_site":"@_jazzaragon","twitter_misc":{"Tiempo de lectura":"2 minutos"},"schema":{"@context":"https:\/\/schema.org","@graph":[{"@type":"WebPage","@id":"https:\/\/www.jazzypunto.es\/jazzaragon\/musicos\/grupos-y-bandas\/aragonian\/","url":"https:\/\/www.jazzypunto.es\/jazzaragon\/musicos\/grupos-y-bandas\/aragonian\/","name":"Aragonian &#8212; Jazz Arag\u00f3n","isPartOf":{"@id":"https:\/\/www.jazzypunto.es\/jazzaragon\/#website"},"primaryImageOfPage":{"@id":"https:\/\/www.jazzypunto.es\/jazzaragon\/musicos\/grupos-y-bandas\/aragonian\/#primaryimage"},"image":{"@id":"https:\/\/www.jazzypunto.es\/jazzaragon\/musicos\/grupos-y-bandas\/aragonian\/#primaryimage"},"thumbnailUrl":"https:\/\/i0.wp.com\/www.jazzypunto.es\/jazzaragon\/wp-content\/uploads\/2016\/08\/Aragonian-3.jpg?fit=600%2C296&ssl=1","datePublished":"2016-08-30T21:13:45+00:00","dateModified":"2020-11-27T18:59:15+00:00","breadcrumb":{"@id":"https:\/\/www.jazzypunto.es\/jazzaragon\/musicos\/grupos-y-bandas\/aragonian\/#breadcrumb"},"inLanguage":"es","potentialAction":[{"@type":"ReadAction","target":["https:\/\/www.jazzypunto.es\/jazzaragon\/musicos\/grupos-y-bandas\/aragonian\/"]}]},{"@type":"ImageObject","inLanguage":"es","@id":"https:\/\/www.jazzypunto.es\/jazzaragon\/musicos\/grupos-y-bandas\/aragonian\/#primaryimage","url":"https:\/\/i0.wp.com\/www.jazzypunto.es\/jazzaragon\/wp-content\/uploads\/2016\/08\/Aragonian-3.jpg?fit=600%2C296&ssl=1","contentUrl":"https:\/\/i0.wp.com\/www.jazzypunto.es\/jazzaragon\/wp-content\/uploads\/2016\/08\/Aragonian-3.jpg?fit=600%2C296&ssl=1","width":600,"height":296},{"@type":"BreadcrumbList","@id":"https:\/\/www.jazzypunto.es\/jazzaragon\/musicos\/grupos-y-bandas\/aragonian\/#breadcrumb","itemListElement":[{"@type":"ListItem","position":1,"name":"Portada","item":"https:\/\/www.jazzypunto.es\/jazzaragon\/"},{"@type":"ListItem","position":2,"name":"M\u00fasicos de Arag\u00f3n","item":"https:\/\/www.jazzypunto.es\/jazzaragon\/musicos\/"},{"@type":"ListItem","position":3,"name":"Grupos y Bandas","item":"https:\/\/www.jazzypunto.es\/jazzaragon\/musicos\/grupos-y-bandas\/"},{"@type":"ListItem","position":4,"name":"Aragonian"}]},{"@type":"WebSite","@id":"https:\/\/www.jazzypunto.es\/jazzaragon\/#website","url":"https:\/\/www.jazzypunto.es\/jazzaragon\/","name":"Jazz Arag\u00f3n","description":"Historia y Actualidad","publisher":{"@id":"https:\/\/www.jazzypunto.es\/jazzaragon\/#\/schema\/person\/c0d650c3b28b68befb325c5cddc3b0fe"},"potentialAction":[{"@type":"SearchAction","target":{"@type":"EntryPoint","urlTemplate":"https:\/\/www.jazzypunto.es\/jazzaragon\/?s={search_term_string}"},"query-input":{"@type":"PropertyValueSpecification","valueRequired":true,"valueName":"search_term_string"}}],"inLanguage":"es"},{"@type":["Person","Organization"],"@id":"https:\/\/www.jazzypunto.es\/jazzaragon\/#\/schema\/person\/c0d650c3b28b68befb325c5cddc3b0fe","name":"Danijazz","image":{"@type":"ImageObject","inLanguage":"es","@id":"https:\/\/i0.wp.com\/www.jazzypunto.es\/jazzaragon\/wp-content\/uploads\/2022\/11\/Benja_Daniel-e1667983357479.jpg?fit=1000%2C975&ssl=1","url":"https:\/\/i0.wp.com\/www.jazzypunto.es\/jazzaragon\/wp-content\/uploads\/2022\/11\/Benja_Daniel-e1667983357479.jpg?fit=1000%2C975&ssl=1","contentUrl":"https:\/\/i0.wp.com\/www.jazzypunto.es\/jazzaragon\/wp-content\/uploads\/2022\/11\/Benja_Daniel-e1667983357479.jpg?fit=1000%2C975&ssl=1","width":1000,"height":975,"caption":"Danijazz"},"logo":{"@id":"https:\/\/i0.wp.com\/www.jazzypunto.es\/jazzaragon\/wp-content\/uploads\/2022\/11\/Benja_Daniel-e1667983357479.jpg?fit=1000%2C975&ssl=1"},"sameAs":["https:\/\/www.facebook.com\/Danijazz\/"]}]}},"jetpack_sharing_enabled":true,"_links":{"self":[{"href":"https:\/\/www.jazzypunto.es\/jazzaragon\/wp-json\/wp\/v2\/pages\/6111","targetHints":{"allow":["GET"]}}],"collection":[{"href":"https:\/\/www.jazzypunto.es\/jazzaragon\/wp-json\/wp\/v2\/pages"}],"about":[{"href":"https:\/\/www.jazzypunto.es\/jazzaragon\/wp-json\/wp\/v2\/types\/page"}],"author":[{"embeddable":true,"href":"https:\/\/www.jazzypunto.es\/jazzaragon\/wp-json\/wp\/v2\/users\/1"}],"replies":[{"embeddable":true,"href":"https:\/\/www.jazzypunto.es\/jazzaragon\/wp-json\/wp\/v2\/comments?post=6111"}],"version-history":[{"count":2,"href":"https:\/\/www.jazzypunto.es\/jazzaragon\/wp-json\/wp\/v2\/pages\/6111\/revisions"}],"predecessor-version":[{"id":10596,"href":"https:\/\/www.jazzypunto.es\/jazzaragon\/wp-json\/wp\/v2\/pages\/6111\/revisions\/10596"}],"up":[{"embeddable":true,"href":"https:\/\/www.jazzypunto.es\/jazzaragon\/wp-json\/wp\/v2\/pages\/2010"}],"wp:featuredmedia":[{"embeddable":true,"href":"https:\/\/www.jazzypunto.es\/jazzaragon\/wp-json\/wp\/v2\/media\/6113"}],"wp:attachment":[{"href":"https:\/\/www.jazzypunto.es\/jazzaragon\/wp-json\/wp\/v2\/media?parent=6111"}],"curies":[{"name":"wp","href":"https:\/\/api.w.org\/{rel}","templated":true}]}}