{"id":7580,"date":"2018-11-07T20:18:05","date_gmt":"2018-11-07T19:18:05","guid":{"rendered":"http:\/\/www.jazzypunto.es\/jazzaragon\/?page_id=7580"},"modified":"2025-11-24T11:39:48","modified_gmt":"2025-11-24T10:39:48","slug":"2018-xxxv-festival","status":"publish","type":"page","link":"https:\/\/www.jazzypunto.es\/jazzaragon\/zaragoza\/festivales\/2018-xxxv-festival\/","title":{"rendered":"2018 &#8211; xxxv Festival"},"content":{"rendered":"<h3>\u00a0<\/h3>\n<h3 style=\"text-align: center;\"><strong>Del 16 al 25 de Noviembre<\/strong><\/h3>\n<p><img data-recalc-dims=\"1\" decoding=\"async\" class=\"aligncenter wp-image-7586 lazyload\" data-src=\"https:\/\/i0.wp.com\/www.jazzypunto.es\/jazzaragon\/wp-content\/uploads\/2018\/11\/jazz2018-2-e1541618561127.jpg?resize=474%2C474\" alt=\"\" width=\"474\" height=\"474\" src=\"data:image\/svg+xml;base64,PHN2ZyB3aWR0aD0iMSIgaGVpZ2h0PSIxIiB4bWxucz0iaHR0cDovL3d3dy53My5vcmcvMjAwMC9zdmciPjwvc3ZnPg==\" style=\"--smush-placeholder-width: 474px; --smush-placeholder-aspect-ratio: 474\/474;\" \/><\/p>\n<h4 style=\"text-align: center;\"><em><strong>16\u00a0de Noviembre<\/strong><strong>\u00a0\u2013 <\/strong>Viernes \u00a021.00 horas <\/em><\/h4>\n<p style=\"text-align: center;\"><em><strong>Sala Multiusos\u00a0<\/strong>(40\u20ac)\u00a0 (800 pers.)<\/em><\/p>\n<p><em><strong>&#8211; DHD Tr\u00edo<\/strong><\/em><\/p>\n<p style=\"text-align: left; padding-left: 30px;\"><em>Humberto R\u00edos: piano<\/em><br \/><em>Damien (Damianos \u2013 Kosmas Roussos): bajo<\/em><br \/><em>Daan Arets: bater\u00eda<\/em><\/p>\n<p><em>&#8211; <strong>Michel Camilo<\/strong><\/em><\/p>\n<p style=\"padding-left: 30px;\"><em>Michel Camilo: piano<\/em><em>\u00a0<\/em><\/p>\n<h4 style=\"text-align: center;\"><em>\u00a0<strong>17\u00a0de Noviembre\u00a0\u2013 <\/strong>S\u00e1bado \u00a022.00 horas <\/em><\/h4>\n<p style=\"text-align: center;\"><em><strong>Sala Multiusos\u00a0<\/strong>(28\u20ac)\u00a0 (400 pers.)<\/em><\/p>\n<p><em><strong>&#8211; IN Roots<\/strong><\/em><\/p>\n<p style=\"padding-left: 30px;\"><em>Edu Pons: saxo alto<\/em><br \/><em>Ernest Pip\u00f3: guitarra<\/em><br \/><em>David Moyano: contrabajo<\/em><br \/><em>Joan Torn\u00e9: bater\u00eda<\/em><\/p>\n<p><em>&#8211; <strong>Charles McPhersons Quartet (feat. Bruce Barth)<\/strong><\/em><\/p>\n<p style=\"padding-left: 30px;\"><em>Charles McPherson: saxo<\/em><br \/><em>Bruce Barth: piano<\/em><br \/><em>Mark Hodgson: contrabajo<\/em><br \/><em>Stephen Keogh: bater\u00eda<\/em><em>\u00a0<\/em><\/p>\n<h4 style=\"text-align: center;\"><em><strong>18\u00a0de Noviembre<\/strong><strong>\u00a0\u2013 <\/strong>Domingo\u00a0 20.00 horas <\/em><\/h4>\n<p style=\"text-align: center;\"><em><strong>Sala Multiusos\u00a0<\/strong>(32 \u20ac)<\/em><\/p>\n<p style=\"text-align: left;\"><em><strong>&#8211; Soulbop XL<\/strong><\/em><\/p>\n<p style=\"text-align: left; padding-left: 30px;\"><em>Bill Evans: saxo<\/em><br \/><em>Randy Brecker: trompeta<\/em><br \/><em>Simon Philips: bater\u00eda<\/em><br \/><em>Otmaro Ruiz: teclados<\/em><br \/><em>Teymur Phell: bajo<\/em><em>\u00a0<\/em><\/p>\n<h4 style=\"text-align: center;\"><em>\u00a0<strong>22\u00a0de Noviembre\u00a0\u2013 <\/strong>Jueves \u00a021.00 horas <\/em><\/h4>\n<p style=\"text-align: center;\"><em><strong>Sala Multiusos\u00a0<\/strong>(28\u20ac)<\/em><\/p>\n<p><em><strong>&#8211; Marcos S\u00e1nchez Tr\u00edo<\/strong><\/em><\/p>\n<p style=\"padding-left: 30px;\"><em>Marcos S\u00e1nchez: piano y teclados<\/em><br \/><em>Javier Call\u00e9n: bajo<\/em><br \/><em>Israel Tubilleja: bater\u00eda<\/em><em><strong>\u00a0\u00a0<\/strong><\/em><\/p>\n<p><em><strong>&#8211; Zuperoctave<\/strong><\/em><\/p>\n<p style=\"padding-left: 30px;\"><em>Aaron Parks: piano<\/em><br \/><em>Gilad Hekselman: guitarra<\/em><br \/><em>Kendrick Scott: bateria y triggers<\/em><em>\u00a0\u00a0\u00a0\u00a0\u00a0\u00a0\u00a0\u00a0\u00a0\u00a0\u00a0\u00a0\u00a0\u00a0\u00a0\u00a0\u00a0\u00a0\u00a0\u00a0\u00a0\u00a0\u00a0\u00a0\u00a0\u00a0\u00a0\u00a0\u00a0\u00a0\u00a0\u00a0\u00a0\u00a0\u00a0\u00a0\u00a0\u00a0\u00a0\u00a0\u00a0\u00a0\u00a0\u00a0\u00a0\u00a0 <\/em><\/p>\n<h4 style=\"text-align: center;\"><em>\u00a0<strong>23\u00a0de Noviembre<\/strong><strong>\u00a0\u2013 <\/strong>Viernes \u00a021.00 horas <\/em><\/h4>\n<p style=\"text-align: center;\"><em><strong>Sala Multiusos\u00a0<\/strong>(32\u20ac)<\/em><\/p>\n<p><em><strong>&#8211; Jos\u00e9 Luis Gutierrez Tr\u00edo &#8211; Iberjazz<\/strong><\/em><\/p>\n<p style=\"padding-left: 30px;\"><em>Jos\u00e9 Luis Gutierrez: Saxo, voz e instrumentos\u00a0<\/em><em>inventados<\/em><br \/><em>Marco Nietmiez: contrabajo<\/em><br \/><em>Lar Legido: bater\u00eda y juguetes<\/em><\/p>\n<p><em><strong>&#8211; Richard Bona Group<\/strong><\/em><\/p>\n<p style=\"padding-left: 30px;\"><em>Richard Bona: bajo y voz<\/em><br \/><em>Ciro Manna: guitarra<\/em><br \/><em>Michael Lecoq: teclados<\/em><br \/><em>Dennis Hern\u00e1ndez: trompeta<\/em><br \/><em>Ludwig Afonso: bater\u00eda<\/em><em>\u00a0<\/em><\/p>\n<h4 style=\"text-align: center;\"><em><strong>24\u00a0de Noviembre\u00a0\u2013 <\/strong>S\u00e1bado \u00a022.00 horas <\/em><\/h4>\n<p style=\"text-align: center;\"><em><strong>Sala Multiusos\u00a0<\/strong>(32\u20ac)<\/em><\/p>\n<p><em><strong>&#8211; Israel Gonz\u00e1lez Tr\u00edo\u00a0 <\/strong><\/em><\/p>\n<p style=\"padding-left: 30px;\"><em>Israel Gonz\u00e1lez: piano<\/em><br \/><em>Javier Call\u00e9n: contrabajo<\/em><br \/><em>Fran Gazol: bater\u00eda<\/em><\/p>\n<p><em><strong>&#8211; Kyle Eastwood<\/strong><\/em><\/p>\n<p style=\"padding-left: 30px;\"><em>Kyle Eastwood: bajo\u00a0 <\/em><br \/><em>Andrew McCormarck: piano<\/em><br \/><em>Brandon Allen: saxo<\/em><br \/><em>Quentin Collins: trompeta<\/em><br \/><em>Chris Higginbottom: bacteria<\/em><em>\u00a0<\/em><\/p>\n<h4 style=\"text-align: center;\"><em>\u00a0<strong>25\u00a0de Noviembre<\/strong><strong>\u00a0\u2013 <\/strong>Domingo \u00a020.00 horas <\/em><\/h4>\n<p style=\"text-align: center;\"><em><strong>Sala Multiusos\u00a0<\/strong>(28\u20ac)<\/em><\/p>\n<p><em><strong>&#8211; Alfredo Rodriguez Tr\u00edo\u00a0 <\/strong><\/em><\/p>\n<p style=\"padding-left: 30px;\"><em>Alfredo Rodriguez: piano<\/em><br \/><em>Munir Hossn: bajo<\/em><br \/><em>Michael Olivera: bater\u00eda<\/em><\/p>\n<p><img data-recalc-dims=\"1\" decoding=\"async\" class=\"aligncenter wp-image-16044 lazyload\" data-src=\"https:\/\/i0.wp.com\/www.jazzypunto.es\/jazzaragon\/wp-content\/uploads\/2021\/12\/jazzp.jpg?resize=339%2C171\" alt=\"\" width=\"339\" height=\"171\" data-srcset=\"https:\/\/i0.wp.com\/www.jazzypunto.es\/jazzaragon\/wp-content\/uploads\/2021\/12\/jazzp.jpg?w=620&amp;ssl=1 620w, https:\/\/i0.wp.com\/www.jazzypunto.es\/jazzaragon\/wp-content\/uploads\/2021\/12\/jazzp.jpg?resize=300%2C151&amp;ssl=1 300w\" data-sizes=\"(max-width: 339px) 100vw, 339px\" src=\"data:image\/svg+xml;base64,PHN2ZyB3aWR0aD0iMSIgaGVpZ2h0PSIxIiB4bWxucz0iaHR0cDovL3d3dy53My5vcmcvMjAwMC9zdmciPjwvc3ZnPg==\" style=\"--smush-placeholder-width: 339px; --smush-placeholder-aspect-ratio: 339\/171;\" \/><\/p>\n<h4 style=\"text-align: center;\"><em>\u00a0 <\/em><em> \u00a0 <strong>Sala Galve<\/strong>\u00a0 \u00a0 \u00a0 \u00a0 \u00a0 \u00a0 \u00a0 \u00a0 \u00a0\u00a0<\/em><\/h4>\n<h5 style=\"text-align: center;\"><em> \u00a0 S\u00e1bado 24 de noviembre<br \/>18:00 horas<\/em><\/h5>\n<h5 style=\"text-align: center;\"><em>Domingo 25 de noviembre<br \/>12:00 horas \u2013 18:00 hora<\/em><\/h5>\n<p><strong><em>&#8211; Jazz for Kids<\/em><\/strong><\/p>\n<p style=\"padding-left: 40px;\"><em>Leyre Navarro: voz<\/em><br \/><em>Laura Sanchez: voz.<\/em><br \/><em>Jara Garc\u00eda: flauta.<\/em><br \/><em>Carlos Raso: flauta.<\/em><br \/><em>Pedro Roberto: saxo alto.<\/em><br \/><em>Rub\u00e9n \u00c1lvarez: saxo alto<\/em><br \/><em>Juan Salamero: saxo alto.<\/em><br \/><em>Guillermo G\u00f3mez: saxo tenor<\/em><br \/><em>Alejandro Esperanza: saxo tenor.<\/em><br \/><em>Carlos Santos: saxo bar\u00edtono.<\/em><br \/><em>Marco Rodr\u00edguez: clarinete.<\/em><br \/><em>Celia Labalsa: clarinete<\/em><br \/><em>Leyre Garc\u00eda: trompa.<\/em><br \/><em>Izarbe Garc\u00eda: tromb\u00f3n.<\/em><br \/><em>I\u00f1aki Carcavilla: tromb\u00f3n.<\/em><br \/><em>Alejo Ciria: tromb\u00f3n bajo.<\/em><br \/><em>Samuel Andreu: trompeta.<\/em><br \/><em>\u00c1lvaro Oc\u00f3n: trompeta.<\/em><br \/><em>Sa\u00fal Andreu: trompeta.<\/em><br \/><em>Nacho Civera: trompeta.<\/em><br \/><em>Nico Mellon: bajo el\u00e9ctrico.<\/em><br \/><em>Pilar Santaliestra: bajo el\u00e9ctrico y contrabajo.<\/em><br \/><em>Rom\u00e1n Cubelos: contrabajo.<\/em><br \/><em>Carlos Escribano: guitarra<\/em><br \/><em>Marcos Alba: guitarra.<\/em><br \/><em>Mikel Legasa: piano.<\/em><br \/><em>Jos\u00e9 Antonio L\u00f3pez: percusiones.<\/em><br \/><em>Leire P\u00e9rez y Julen Rodr\u00edguez: bater\u00eda.<\/em><br \/><em>Dani Escolano: direcci\u00f3n.<\/em><\/p>\n<p style=\"text-align: center;\"><em><strong>Abono para los siete\u00a0conciertos: 160 \u20ac<\/strong><\/em><br \/><em><strong>Abono Primera Semana: 80 \u20ac<\/strong><\/em><br \/><em><strong>Abono Segunda Semana: 95 \u20ac<\/strong><\/em><\/p>\n<p><em>Participaron <strong>42<\/strong> m\u00fasicos<\/em><\/p>\n<p><em><strong>Colaboran:<\/strong><\/em><br \/><em> \u00a0\u00a0\u00a0\u00a0\u00a0\u00a0\u00a0\u00a0\u00a0\u00a0\u00a0\u00a0\u00a0\u00a0 La B\u00f3veda del Albergue<\/em><br \/><em> \u00a0\u00a0\u00a0\u00a0\u00a0\u00a0\u00a0\u00a0\u00a0\u00a0\u00a0\u00a0\u00a0\u00a0 Teatro de las Esquinas<\/em><br \/><em> \u00a0\u00a0\u00a0\u00a0\u00a0\u00a0\u00a0\u00a0\u00a0\u00a0\u00a0\u00a0\u00a0\u00a0 Rock &amp; Blues<\/em><br \/><em> \u00a0\u00a0\u00a0\u00a0\u00a0\u00a0\u00a0\u00a0\u00a0\u00a0\u00a0\u00a0\u00a0\u00a0 Centros C\u00edvicos<\/em><br \/><em> \u00a0\u00a0\u00a0\u00a0\u00a0\u00a0\u00a0\u00a0\u00a0\u00a0\u00a0\u00a0\u00a0\u00a0 Fundaci\u00f3n SGAE<\/em><br \/><em> \u00a0\u00a0\u00a0\u00a0\u00a0\u00a0\u00a0\u00a0\u00a0\u00a0\u00a0\u00a0\u00a0\u00a0 Ilunion Hoteles<\/em><br \/><em> \u00a0\u00a0\u00a0\u00a0\u00a0\u00a0\u00a0\u00a0\u00a0\u00a0\u00a0\u00a0\u00a0\u00a0 Fluge Zaragoza<\/em><br \/><em> \u00a0\u00a0\u00a0\u00a0\u00a0\u00a0\u00a0\u00a0\u00a0\u00a0\u00a0\u00a0\u00a0\u00a0 Migany Music Services<\/em><br \/><em> \u00a0\u00a0\u00a0\u00a0\u00a0\u00a0\u00a0\u00a0\u00a0\u00a0\u00a0\u00a0\u00a0\u00a0 Call &amp; Play<\/em><br \/><em> \u00a0\u00a0\u00a0\u00a0\u00a0\u00a0\u00a0\u00a0\u00a0\u00a0\u00a0\u00a0\u00a0\u00a0 Uni\u00f3n Musical de Espa\u00f1a<\/em><\/p>\n<p><em><strong>Patrocina<\/strong>:<\/em><br \/><em> \u00a0\u00a0\u00a0\u00a0\u00a0\u00a0\u00a0\u00a0\u00a0\u00a0\u00a0\u00a0\u00a0\u00a0 Ambar 1900<\/em><\/p>\n<p><em><strong>Organiza:<\/strong><\/em><br \/><em> \u00a0\u00a0\u00a0\u00a0\u00a0\u00a0\u00a0\u00a0\u00a0\u00a0\u00a0\u00a0\u00a0\u00a0 Siamm Producciones<\/em><br \/><em> \u00a0\u00a0\u00a0\u00a0\u00a0\u00a0\u00a0\u00a0\u00a0\u00a0\u00a0\u00a0\u00a0\u00a0 Ayuntamiento de Zaragoza<\/em><\/p>\n\n\n<figure class=\"wp-block-table is-style-stripes\"><table class=\"has-fixed-layout\"><tbody><tr><td class=\"has-text-align-center\" data-align=\"center\"><em><strong><a href=\"https:\/\/www.jazzypunto.es\/jazzaragon\/xxiv-jazz-al-margen\/\" target=\"_blank\" rel=\"noreferrer noopener\">XXIV Jazz al Margen<\/a><\/strong><\/em><strong><em><a href=\"https:\/\/www.jazzypunto.es\/jazzaragon\/xxiv-jazz-al-margen\/\" target=\"_blank\" rel=\"noreferrer noopener\"> &#8211; 2018<\/a><\/em><\/strong><\/td><td class=\"has-text-align-center\" data-align=\"center\"><a href=\"https:\/\/www.jazzypunto.es\/jazzaragon\/xxiv-jazz-al-margen\/\" target=\"_blank\" rel=\"noreferrer noopener\"><img data-recalc-dims=\"1\" decoding=\"async\" width=\"150\" height=\"209\" class=\"wp-image-26717 lazyload\" style=\"--smush-placeholder-width: 150px; --smush-placeholder-aspect-ratio: 150\/209;width: 150px;\" data-src=\"https:\/\/i0.wp.com\/www.jazzypunto.es\/jazzaragon\/wp-content\/uploads\/2025\/11\/Cartel-2018-Jazz-al-Margen.jpg?resize=150%2C209\" alt=\"\" data-srcset=\"https:\/\/i0.wp.com\/www.jazzypunto.es\/jazzaragon\/wp-content\/uploads\/2025\/11\/Cartel-2018-Jazz-al-Margen.jpg?w=688&amp;ssl=1 688w, https:\/\/i0.wp.com\/www.jazzypunto.es\/jazzaragon\/wp-content\/uploads\/2025\/11\/Cartel-2018-Jazz-al-Margen.jpg?resize=215%2C300&amp;ssl=1 215w\" data-sizes=\"(max-width: 150px) 100vw, 150px\" src=\"data:image\/svg+xml;base64,PHN2ZyB3aWR0aD0iMSIgaGVpZ2h0PSIxIiB4bWxucz0iaHR0cDovL3d3dy53My5vcmcvMjAwMC9zdmciPjwvc3ZnPg==\" \/><\/a><\/td><\/tr><\/tbody><\/table><\/figure>\n","protected":false},"excerpt":{"rendered":"<p>\u00a0 Del 16 al 25 de Noviembre 16\u00a0de Noviembre\u00a0\u2013 Viernes \u00a021.00 horas Sala Multiusos\u00a0(40\u20ac)\u00a0 (800 pers.) &#8211; DHD Tr\u00edo Humberto R\u00edos: pianoDamien (Damianos \u2013 Kosmas Roussos): bajoDaan Arets: bater\u00eda &#8211; Michel Camilo Michel Camilo: piano\u00a0 \u00a017\u00a0de Noviembre\u00a0\u2013 S\u00e1bado \u00a022.00 horas Sala Multiusos\u00a0(28\u20ac)\u00a0 (400 pers.) &#8211; IN Roots Edu Pons: saxo altoErnest Pip\u00f3: guitarraDavid Moyano: contrabajoJoan &hellip; <a href=\"https:\/\/www.jazzypunto.es\/jazzaragon\/zaragoza\/festivales\/2018-xxxv-festival\/\" class=\"more-link\">Seguir leyendo <span class=\"screen-reader-text\">2018 &#8211; xxxv Festival<\/span> <span class=\"meta-nav\">&rarr;<\/span><\/a><\/p>\n","protected":false},"author":1,"featured_media":0,"parent":3045,"menu_order":0,"comment_status":"closed","ping_status":"closed","template":"page-templates\/full-width.php","meta":{"footnotes":""},"class_list":["post-7580","page","type-page","status-publish","hentry"],"yoast_head":"<!-- This site is optimized with the Yoast SEO plugin v27.3 - https:\/\/yoast.com\/product\/yoast-seo-wordpress\/ -->\n<title>2018 - xxxv Festival &#8212; Jazz Arag\u00f3n<\/title>\n<meta name=\"robots\" content=\"index, follow, max-snippet:-1, max-image-preview:large, max-video-preview:-1\" \/>\n<link rel=\"canonical\" href=\"https:\/\/www.jazzypunto.es\/jazzaragon\/zaragoza\/festivales\/2018-xxxv-festival\/\" \/>\n<meta property=\"og:locale\" content=\"es_ES\" \/>\n<meta property=\"og:type\" content=\"article\" \/>\n<meta property=\"og:title\" content=\"2018 - xxxv Festival &#8212; Jazz Arag\u00f3n\" \/>\n<meta property=\"og:description\" content=\"\u00a0 Del 16 al 25 de Noviembre 16\u00a0de Noviembre\u00a0\u2013 Viernes \u00a021.00 horas Sala Multiusos\u00a0(40\u20ac)\u00a0 (800 pers.) &#8211; DHD Tr\u00edo Humberto R\u00edos: pianoDamien (Damianos \u2013 Kosmas Roussos): bajoDaan Arets: bater\u00eda &#8211; Michel Camilo Michel Camilo: piano\u00a0 \u00a017\u00a0de Noviembre\u00a0\u2013 S\u00e1bado \u00a022.00 horas Sala Multiusos\u00a0(28\u20ac)\u00a0 (400 pers.) &#8211; IN Roots Edu Pons: saxo altoErnest Pip\u00f3: guitarraDavid Moyano: contrabajoJoan &hellip; Seguir leyendo 2018 &#8211; xxxv Festival &rarr;\" \/>\n<meta property=\"og:url\" content=\"https:\/\/www.jazzypunto.es\/jazzaragon\/zaragoza\/festivales\/2018-xxxv-festival\/\" \/>\n<meta property=\"og:site_name\" content=\"Jazz Arag\u00f3n\" \/>\n<meta property=\"article:publisher\" content=\"https:\/\/www.facebook.com\/Danijazz\/\" \/>\n<meta property=\"article:modified_time\" content=\"2025-11-24T10:39:48+00:00\" \/>\n<meta property=\"og:image\" content=\"http:\/\/www.jazzypunto.es\/jazzaragon\/wp-content\/uploads\/2018\/11\/jazz2018-2-e1541618561127.jpg\" \/>\n<meta name=\"twitter:card\" content=\"summary_large_image\" \/>\n<meta name=\"twitter:site\" content=\"@_jazzaragon\" \/>\n<meta name=\"twitter:label1\" content=\"Tiempo de lectura\" \/>\n\t<meta name=\"twitter:data1\" content=\"3 minutos\" \/>\n<script type=\"application\/ld+json\" class=\"yoast-schema-graph\">{\"@context\":\"https:\\\/\\\/schema.org\",\"@graph\":[{\"@type\":\"WebPage\",\"@id\":\"https:\\\/\\\/www.jazzypunto.es\\\/jazzaragon\\\/zaragoza\\\/festivales\\\/2018-xxxv-festival\\\/\",\"url\":\"https:\\\/\\\/www.jazzypunto.es\\\/jazzaragon\\\/zaragoza\\\/festivales\\\/2018-xxxv-festival\\\/\",\"name\":\"2018 - xxxv Festival &#8212; Jazz Arag\u00f3n\",\"isPartOf\":{\"@id\":\"https:\\\/\\\/www.jazzypunto.es\\\/jazzaragon\\\/#website\"},\"primaryImageOfPage\":{\"@id\":\"https:\\\/\\\/www.jazzypunto.es\\\/jazzaragon\\\/zaragoza\\\/festivales\\\/2018-xxxv-festival\\\/#primaryimage\"},\"image\":{\"@id\":\"https:\\\/\\\/www.jazzypunto.es\\\/jazzaragon\\\/zaragoza\\\/festivales\\\/2018-xxxv-festival\\\/#primaryimage\"},\"thumbnailUrl\":\"http:\\\/\\\/www.jazzypunto.es\\\/jazzaragon\\\/wp-content\\\/uploads\\\/2018\\\/11\\\/jazz2018-2-e1541618561127.jpg\",\"datePublished\":\"2018-11-07T19:18:05+00:00\",\"dateModified\":\"2025-11-24T10:39:48+00:00\",\"breadcrumb\":{\"@id\":\"https:\\\/\\\/www.jazzypunto.es\\\/jazzaragon\\\/zaragoza\\\/festivales\\\/2018-xxxv-festival\\\/#breadcrumb\"},\"inLanguage\":\"es\",\"potentialAction\":[{\"@type\":\"ReadAction\",\"target\":[\"https:\\\/\\\/www.jazzypunto.es\\\/jazzaragon\\\/zaragoza\\\/festivales\\\/2018-xxxv-festival\\\/\"]}]},{\"@type\":\"ImageObject\",\"inLanguage\":\"es\",\"@id\":\"https:\\\/\\\/www.jazzypunto.es\\\/jazzaragon\\\/zaragoza\\\/festivales\\\/2018-xxxv-festival\\\/#primaryimage\",\"url\":\"https:\\\/\\\/i0.wp.com\\\/www.jazzypunto.es\\\/jazzaragon\\\/wp-content\\\/uploads\\\/2018\\\/11\\\/jazz2018-2-e1541618561127.jpg?fit=600%2C600&ssl=1\",\"contentUrl\":\"https:\\\/\\\/i0.wp.com\\\/www.jazzypunto.es\\\/jazzaragon\\\/wp-content\\\/uploads\\\/2018\\\/11\\\/jazz2018-2-e1541618561127.jpg?fit=600%2C600&ssl=1\",\"width\":600,\"height\":600},{\"@type\":\"BreadcrumbList\",\"@id\":\"https:\\\/\\\/www.jazzypunto.es\\\/jazzaragon\\\/zaragoza\\\/festivales\\\/2018-xxxv-festival\\\/#breadcrumb\",\"itemListElement\":[{\"@type\":\"ListItem\",\"position\":1,\"name\":\"Portada\",\"item\":\"https:\\\/\\\/www.jazzypunto.es\\\/jazzaragon\\\/\"},{\"@type\":\"ListItem\",\"position\":2,\"name\":\"Zaragoza\",\"item\":\"https:\\\/\\\/www.jazzypunto.es\\\/jazzaragon\\\/zaragoza\\\/\"},{\"@type\":\"ListItem\",\"position\":3,\"name\":\"Festival de Zaragoza\",\"item\":\"https:\\\/\\\/www.jazzypunto.es\\\/jazzaragon\\\/zaragoza\\\/festivales\\\/\"},{\"@type\":\"ListItem\",\"position\":4,\"name\":\"2018 &#8211; xxxv Festival\"}]},{\"@type\":\"WebSite\",\"@id\":\"https:\\\/\\\/www.jazzypunto.es\\\/jazzaragon\\\/#website\",\"url\":\"https:\\\/\\\/www.jazzypunto.es\\\/jazzaragon\\\/\",\"name\":\"Jazz Arag\u00f3n\",\"description\":\"Historia y Actualidad\",\"publisher\":{\"@id\":\"https:\\\/\\\/www.jazzypunto.es\\\/jazzaragon\\\/#\\\/schema\\\/person\\\/c0d650c3b28b68befb325c5cddc3b0fe\"},\"potentialAction\":[{\"@type\":\"SearchAction\",\"target\":{\"@type\":\"EntryPoint\",\"urlTemplate\":\"https:\\\/\\\/www.jazzypunto.es\\\/jazzaragon\\\/?s={search_term_string}\"},\"query-input\":{\"@type\":\"PropertyValueSpecification\",\"valueRequired\":true,\"valueName\":\"search_term_string\"}}],\"inLanguage\":\"es\"},{\"@type\":[\"Person\",\"Organization\"],\"@id\":\"https:\\\/\\\/www.jazzypunto.es\\\/jazzaragon\\\/#\\\/schema\\\/person\\\/c0d650c3b28b68befb325c5cddc3b0fe\",\"name\":\"Danijazz\",\"image\":{\"@type\":\"ImageObject\",\"inLanguage\":\"es\",\"@id\":\"https:\\\/\\\/i0.wp.com\\\/www.jazzypunto.es\\\/jazzaragon\\\/wp-content\\\/uploads\\\/2022\\\/11\\\/Benja_Daniel-e1667983357479.jpg?fit=1000%2C975&ssl=1\",\"url\":\"https:\\\/\\\/i0.wp.com\\\/www.jazzypunto.es\\\/jazzaragon\\\/wp-content\\\/uploads\\\/2022\\\/11\\\/Benja_Daniel-e1667983357479.jpg?fit=1000%2C975&ssl=1\",\"contentUrl\":\"https:\\\/\\\/i0.wp.com\\\/www.jazzypunto.es\\\/jazzaragon\\\/wp-content\\\/uploads\\\/2022\\\/11\\\/Benja_Daniel-e1667983357479.jpg?fit=1000%2C975&ssl=1\",\"width\":1000,\"height\":975,\"caption\":\"Danijazz\"},\"logo\":{\"@id\":\"https:\\\/\\\/i0.wp.com\\\/www.jazzypunto.es\\\/jazzaragon\\\/wp-content\\\/uploads\\\/2022\\\/11\\\/Benja_Daniel-e1667983357479.jpg?fit=1000%2C975&ssl=1\"},\"sameAs\":[\"https:\\\/\\\/www.facebook.com\\\/Danijazz\\\/\"]}]}<\/script>\n<!-- \/ Yoast SEO plugin. -->","yoast_head_json":{"title":"2018 - xxxv Festival &#8212; Jazz Arag\u00f3n","robots":{"index":"index","follow":"follow","max-snippet":"max-snippet:-1","max-image-preview":"max-image-preview:large","max-video-preview":"max-video-preview:-1"},"canonical":"https:\/\/www.jazzypunto.es\/jazzaragon\/zaragoza\/festivales\/2018-xxxv-festival\/","og_locale":"es_ES","og_type":"article","og_title":"2018 - xxxv Festival &#8212; Jazz Arag\u00f3n","og_description":"\u00a0 Del 16 al 25 de Noviembre 16\u00a0de Noviembre\u00a0\u2013 Viernes \u00a021.00 horas Sala Multiusos\u00a0(40\u20ac)\u00a0 (800 pers.) &#8211; DHD Tr\u00edo Humberto R\u00edos: pianoDamien (Damianos \u2013 Kosmas Roussos): bajoDaan Arets: bater\u00eda &#8211; Michel Camilo Michel Camilo: piano\u00a0 \u00a017\u00a0de Noviembre\u00a0\u2013 S\u00e1bado \u00a022.00 horas Sala Multiusos\u00a0(28\u20ac)\u00a0 (400 pers.) &#8211; IN Roots Edu Pons: saxo altoErnest Pip\u00f3: guitarraDavid Moyano: contrabajoJoan &hellip; Seguir leyendo 2018 &#8211; xxxv Festival &rarr;","og_url":"https:\/\/www.jazzypunto.es\/jazzaragon\/zaragoza\/festivales\/2018-xxxv-festival\/","og_site_name":"Jazz Arag\u00f3n","article_publisher":"https:\/\/www.facebook.com\/Danijazz\/","article_modified_time":"2025-11-24T10:39:48+00:00","og_image":[{"url":"http:\/\/www.jazzypunto.es\/jazzaragon\/wp-content\/uploads\/2018\/11\/jazz2018-2-e1541618561127.jpg","type":"","width":"","height":""}],"twitter_card":"summary_large_image","twitter_site":"@_jazzaragon","twitter_misc":{"Tiempo de lectura":"3 minutos"},"schema":{"@context":"https:\/\/schema.org","@graph":[{"@type":"WebPage","@id":"https:\/\/www.jazzypunto.es\/jazzaragon\/zaragoza\/festivales\/2018-xxxv-festival\/","url":"https:\/\/www.jazzypunto.es\/jazzaragon\/zaragoza\/festivales\/2018-xxxv-festival\/","name":"2018 - xxxv Festival &#8212; Jazz Arag\u00f3n","isPartOf":{"@id":"https:\/\/www.jazzypunto.es\/jazzaragon\/#website"},"primaryImageOfPage":{"@id":"https:\/\/www.jazzypunto.es\/jazzaragon\/zaragoza\/festivales\/2018-xxxv-festival\/#primaryimage"},"image":{"@id":"https:\/\/www.jazzypunto.es\/jazzaragon\/zaragoza\/festivales\/2018-xxxv-festival\/#primaryimage"},"thumbnailUrl":"http:\/\/www.jazzypunto.es\/jazzaragon\/wp-content\/uploads\/2018\/11\/jazz2018-2-e1541618561127.jpg","datePublished":"2018-11-07T19:18:05+00:00","dateModified":"2025-11-24T10:39:48+00:00","breadcrumb":{"@id":"https:\/\/www.jazzypunto.es\/jazzaragon\/zaragoza\/festivales\/2018-xxxv-festival\/#breadcrumb"},"inLanguage":"es","potentialAction":[{"@type":"ReadAction","target":["https:\/\/www.jazzypunto.es\/jazzaragon\/zaragoza\/festivales\/2018-xxxv-festival\/"]}]},{"@type":"ImageObject","inLanguage":"es","@id":"https:\/\/www.jazzypunto.es\/jazzaragon\/zaragoza\/festivales\/2018-xxxv-festival\/#primaryimage","url":"https:\/\/i0.wp.com\/www.jazzypunto.es\/jazzaragon\/wp-content\/uploads\/2018\/11\/jazz2018-2-e1541618561127.jpg?fit=600%2C600&ssl=1","contentUrl":"https:\/\/i0.wp.com\/www.jazzypunto.es\/jazzaragon\/wp-content\/uploads\/2018\/11\/jazz2018-2-e1541618561127.jpg?fit=600%2C600&ssl=1","width":600,"height":600},{"@type":"BreadcrumbList","@id":"https:\/\/www.jazzypunto.es\/jazzaragon\/zaragoza\/festivales\/2018-xxxv-festival\/#breadcrumb","itemListElement":[{"@type":"ListItem","position":1,"name":"Portada","item":"https:\/\/www.jazzypunto.es\/jazzaragon\/"},{"@type":"ListItem","position":2,"name":"Zaragoza","item":"https:\/\/www.jazzypunto.es\/jazzaragon\/zaragoza\/"},{"@type":"ListItem","position":3,"name":"Festival de Zaragoza","item":"https:\/\/www.jazzypunto.es\/jazzaragon\/zaragoza\/festivales\/"},{"@type":"ListItem","position":4,"name":"2018 &#8211; xxxv Festival"}]},{"@type":"WebSite","@id":"https:\/\/www.jazzypunto.es\/jazzaragon\/#website","url":"https:\/\/www.jazzypunto.es\/jazzaragon\/","name":"Jazz Arag\u00f3n","description":"Historia y Actualidad","publisher":{"@id":"https:\/\/www.jazzypunto.es\/jazzaragon\/#\/schema\/person\/c0d650c3b28b68befb325c5cddc3b0fe"},"potentialAction":[{"@type":"SearchAction","target":{"@type":"EntryPoint","urlTemplate":"https:\/\/www.jazzypunto.es\/jazzaragon\/?s={search_term_string}"},"query-input":{"@type":"PropertyValueSpecification","valueRequired":true,"valueName":"search_term_string"}}],"inLanguage":"es"},{"@type":["Person","Organization"],"@id":"https:\/\/www.jazzypunto.es\/jazzaragon\/#\/schema\/person\/c0d650c3b28b68befb325c5cddc3b0fe","name":"Danijazz","image":{"@type":"ImageObject","inLanguage":"es","@id":"https:\/\/i0.wp.com\/www.jazzypunto.es\/jazzaragon\/wp-content\/uploads\/2022\/11\/Benja_Daniel-e1667983357479.jpg?fit=1000%2C975&ssl=1","url":"https:\/\/i0.wp.com\/www.jazzypunto.es\/jazzaragon\/wp-content\/uploads\/2022\/11\/Benja_Daniel-e1667983357479.jpg?fit=1000%2C975&ssl=1","contentUrl":"https:\/\/i0.wp.com\/www.jazzypunto.es\/jazzaragon\/wp-content\/uploads\/2022\/11\/Benja_Daniel-e1667983357479.jpg?fit=1000%2C975&ssl=1","width":1000,"height":975,"caption":"Danijazz"},"logo":{"@id":"https:\/\/i0.wp.com\/www.jazzypunto.es\/jazzaragon\/wp-content\/uploads\/2022\/11\/Benja_Daniel-e1667983357479.jpg?fit=1000%2C975&ssl=1"},"sameAs":["https:\/\/www.facebook.com\/Danijazz\/"]}]}},"jetpack_sharing_enabled":true,"_links":{"self":[{"href":"https:\/\/www.jazzypunto.es\/jazzaragon\/wp-json\/wp\/v2\/pages\/7580","targetHints":{"allow":["GET"]}}],"collection":[{"href":"https:\/\/www.jazzypunto.es\/jazzaragon\/wp-json\/wp\/v2\/pages"}],"about":[{"href":"https:\/\/www.jazzypunto.es\/jazzaragon\/wp-json\/wp\/v2\/types\/page"}],"author":[{"embeddable":true,"href":"https:\/\/www.jazzypunto.es\/jazzaragon\/wp-json\/wp\/v2\/users\/1"}],"replies":[{"embeddable":true,"href":"https:\/\/www.jazzypunto.es\/jazzaragon\/wp-json\/wp\/v2\/comments?post=7580"}],"version-history":[{"count":26,"href":"https:\/\/www.jazzypunto.es\/jazzaragon\/wp-json\/wp\/v2\/pages\/7580\/revisions"}],"predecessor-version":[{"id":26833,"href":"https:\/\/www.jazzypunto.es\/jazzaragon\/wp-json\/wp\/v2\/pages\/7580\/revisions\/26833"}],"up":[{"embeddable":true,"href":"https:\/\/www.jazzypunto.es\/jazzaragon\/wp-json\/wp\/v2\/pages\/3045"}],"wp:attachment":[{"href":"https:\/\/www.jazzypunto.es\/jazzaragon\/wp-json\/wp\/v2\/media?parent=7580"}],"curies":[{"name":"wp","href":"https:\/\/api.w.org\/{rel}","templated":true}]}}