{"id":952,"date":"2015-02-18T13:52:25","date_gmt":"2015-02-18T12:52:25","guid":{"rendered":"http:\/\/www.jazzypunto.es\/jazzaragon\/?page_id=952"},"modified":"2024-09-11T10:50:36","modified_gmt":"2024-09-11T08:50:36","slug":"jazz-en-la-colina-2013","status":"publish","type":"page","link":"https:\/\/www.jazzypunto.es\/jazzaragon\/huesca\/sabinanigo\/jazz-en-la-colina-2013\/","title":{"rendered":"Jazz en la Colina 2013"},"content":{"rendered":"<h4 style=\"text-align: center;\">25 de Enero, 1 y 8 de Febrero<\/h4>\n<p><img data-recalc-dims=\"1\" decoding=\"async\" class=\"aligncenter  wp-image-13153 lazyload\" data-src=\"https:\/\/i0.wp.com\/www.jazzypunto.es\/jazzaragon\/wp-content\/uploads\/2021\/09\/Cartel-Sabinanigo-2013-e1632937976318.jpg?resize=443%2C552\" alt=\"\" width=\"443\" height=\"552\" src=\"data:image\/svg+xml;base64,PHN2ZyB3aWR0aD0iMSIgaGVpZ2h0PSIxIiB4bWxucz0iaHR0cDovL3d3dy53My5vcmcvMjAwMC9zdmciPjwvc3ZnPg==\" style=\"--smush-placeholder-width: 443px; --smush-placeholder-aspect-ratio: 443\/552;\" \/><\/p>\n<p style=\"text-align: center;\"><strong>25 de Enero <\/strong>\u2013 Viernes 22.30<\/p>\n<p><strong><em>&#8211; Cuarteto de Saxofones \u201cCiudad de Sabi\u00f1\u00e1nigo\u201d<\/em><\/strong><\/p>\n<figure id=\"attachment_2455\" aria-describedby=\"caption-attachment-2455\" style=\"width: 360px\" class=\"wp-caption aligncenter\"><a href=\"https:\/\/i0.wp.com\/www.jazzypunto.es\/jazzaragon\/wp-content\/uploads\/2015\/02\/Cuarteto-de-Saxofones-%E2%80%9CCiudad-de-Sabi%C3%B1%C3%A1nigo%E2%80%9D.jpg\" rel=\"lightbox-0\" data-rel=\"lightbox-image-0\" data-imagelightbox=\"0\" data-rl_title=\"\" data-rl_caption=\"\" title=\"\"><img data-recalc-dims=\"1\" decoding=\"async\" class=\"size-full wp-image-2455 lazyload\" data-src=\"https:\/\/i0.wp.com\/www.jazzypunto.es\/jazzaragon\/wp-content\/uploads\/2015\/02\/Cuarteto-de-Saxofones-%E2%80%9CCiudad-de-Sabi%C3%B1%C3%A1nigo%E2%80%9D.jpg?resize=360%2C240\" alt=\"Cuarteto de Saxofones \u201cCiudad de Sabi\u00f1\u00e1nigo\u201d\" width=\"360\" height=\"240\" data-srcset=\"https:\/\/i0.wp.com\/www.jazzypunto.es\/jazzaragon\/wp-content\/uploads\/2015\/02\/Cuarteto-de-Saxofones-%E2%80%9CCiudad-de-Sabi%C3%B1%C3%A1nigo%E2%80%9D.jpg?w=360&amp;ssl=1 360w, https:\/\/i0.wp.com\/www.jazzypunto.es\/jazzaragon\/wp-content\/uploads\/2015\/02\/Cuarteto-de-Saxofones-%E2%80%9CCiudad-de-Sabi%C3%B1%C3%A1nigo%E2%80%9D.jpg?resize=300%2C200&amp;ssl=1 300w\" data-sizes=\"(max-width: 360px) 100vw, 360px\" src=\"data:image\/svg+xml;base64,PHN2ZyB3aWR0aD0iMSIgaGVpZ2h0PSIxIiB4bWxucz0iaHR0cDovL3d3dy53My5vcmcvMjAwMC9zdmciPjwvc3ZnPg==\" style=\"--smush-placeholder-width: 360px; --smush-placeholder-aspect-ratio: 360\/240;\" \/><\/a><figcaption id=\"caption-attachment-2455\" class=\"wp-caption-text\">Cuarteto de Saxofones de Sabi\u00f1\u00e1nigo<\/figcaption><\/figure>\n<p><strong><em>\u00a0<\/em><\/strong><em>\u00a0 \u00a0 \u00a0 \u00a0 \u00a0 Pablo Fenero: saxo soprano<\/em><br \/>\n<em> \u00a0\u00a0\u00a0\u00a0\u00a0\u00a0\u00a0\u00a0\u00a0\u00a0 Juan Mart\u00ednez Bel\u00edo: saxo alto<\/em><br \/>\n<em> \u00a0\u00a0\u00a0\u00a0\u00a0\u00a0\u00a0\u00a0\u00a0\u00a0 Fco. Javier Mart\u00ednez Lardi\u00e9s: saxo bar\u00edtono <\/em><br \/>\n<em> \u00a0\u00a0\u00a0\u00a0\u00a0\u00a0\u00a0\u00a0\u00a0\u00a0 V\u00edctor Mart\u00edn: saxo tenor<\/em><\/p>\n<p><em>\u00a0<\/em><em>Invitados:<\/em><\/p>\n<p><em>\u00a0<\/em><em>\u00a0 \u00a0 \u00a0 \u00a0 \u00a0 Javier Garayalde: saxos<\/em><br \/>\n<em> \u00a0\u00a0\u00a0\u00a0\u00a0\u00a0\u00a0\u00a0\u00a0\u00a0 Marcelo Escrich: contrabajo<\/em><\/p>\n<p style=\"text-align: center;\"><strong>1 de Febrero \u00a0&#8211; <\/strong>Viernes 22.30 horas<\/p>\n<p><strong><em>&#8211; Marlango<\/em><\/strong><\/p>\n<figure id=\"attachment_2456\" aria-describedby=\"caption-attachment-2456\" style=\"width: 400px\" class=\"wp-caption aligncenter\"><a href=\"https:\/\/i0.wp.com\/www.jazzypunto.es\/jazzaragon\/wp-content\/uploads\/2015\/02\/marlango-e1427912124380.jpg\" rel=\"lightbox-1\" data-rel=\"lightbox-image-1\" data-imagelightbox=\"1\" data-rl_title=\"\" data-rl_caption=\"\" title=\"\"><img data-recalc-dims=\"1\" decoding=\"async\" class=\"size-full wp-image-2456 lazyload\" data-src=\"https:\/\/i0.wp.com\/www.jazzypunto.es\/jazzaragon\/wp-content\/uploads\/2015\/02\/marlango-e1427912124380.jpg?resize=400%2C260\" alt=\"marlango\" width=\"400\" height=\"260\" src=\"data:image\/svg+xml;base64,PHN2ZyB3aWR0aD0iMSIgaGVpZ2h0PSIxIiB4bWxucz0iaHR0cDovL3d3dy53My5vcmcvMjAwMC9zdmciPjwvc3ZnPg==\" style=\"--smush-placeholder-width: 400px; --smush-placeholder-aspect-ratio: 400\/260;\" \/><\/a><figcaption id=\"caption-attachment-2456\" class=\"wp-caption-text\">Marlango<\/figcaption><\/figure>\n<p style=\"padding-left: 60px;\"><em>Alejandro Pelayo: Piano<\/em><br \/>\n<em>Oscar Ybarra: Trompeta<\/em><br \/>\n<em>Leonor Watling. voz<\/em><\/p>\n<p style=\"text-align: center;\"><strong>8 de Febrero \u00a0&#8211; <\/strong>Viernes 22.30 horas<\/p>\n<p><strong><em>&#8211; Wonderbrass<\/em><\/strong><\/p>\n<figure id=\"attachment_2458\" aria-describedby=\"caption-attachment-2458\" style=\"width: 451px\" class=\"wp-caption aligncenter\"><a href=\"https:\/\/i0.wp.com\/www.jazzypunto.es\/jazzaragon\/wp-content\/uploads\/2015\/02\/wonderbrass-e1427915498486.jpg\" rel=\"lightbox-2\" data-rel=\"lightbox-image-2\" data-imagelightbox=\"2\" data-rl_title=\"\" data-rl_caption=\"\" title=\"\"><img data-recalc-dims=\"1\" decoding=\"async\" class=\"wp-image-2458 lazyload\" data-src=\"https:\/\/i0.wp.com\/www.jazzypunto.es\/jazzaragon\/wp-content\/uploads\/2015\/02\/wonderbrass-e1427915498486.jpg?resize=451%2C299\" alt=\"Wonderbrass\" width=\"451\" height=\"299\" src=\"data:image\/svg+xml;base64,PHN2ZyB3aWR0aD0iMSIgaGVpZ2h0PSIxIiB4bWxucz0iaHR0cDovL3d3dy53My5vcmcvMjAwMC9zdmciPjwvc3ZnPg==\" style=\"--smush-placeholder-width: 451px; --smush-placeholder-aspect-ratio: 451\/299;\" \/><\/a><figcaption id=\"caption-attachment-2458\" class=\"wp-caption-text\">Wonderbrass<\/figcaption><\/figure>\n<p style=\"text-align: left; padding-left: 40px;\"><em>N\u00e9stor Casas: Trompeta y Voz<\/em><br \/>\n<em>Nacho Vegas: Saxo Tenor, Clarinete, Guitarra y Voz<\/em><br \/>\n<em>Didac Buscat\u00f3: Bater\u00eda<\/em><\/p>\n","protected":false},"excerpt":{"rendered":"<p>25 de Enero, 1 y 8 de Febrero 25 de Enero \u2013 Viernes 22.30 &#8211; Cuarteto de Saxofones \u201cCiudad de Sabi\u00f1\u00e1nigo\u201d \u00a0\u00a0 \u00a0 \u00a0 \u00a0 \u00a0 Pablo Fenero: saxo soprano \u00a0\u00a0\u00a0\u00a0\u00a0\u00a0\u00a0\u00a0\u00a0\u00a0 Juan Mart\u00ednez Bel\u00edo: saxo alto \u00a0\u00a0\u00a0\u00a0\u00a0\u00a0\u00a0\u00a0\u00a0\u00a0 Fco. Javier Mart\u00ednez Lardi\u00e9s: saxo bar\u00edtono \u00a0\u00a0\u00a0\u00a0\u00a0\u00a0\u00a0\u00a0\u00a0\u00a0 V\u00edctor Mart\u00edn: saxo tenor \u00a0Invitados: \u00a0\u00a0 \u00a0 \u00a0 \u00a0 \u00a0 Javier &hellip; <a href=\"https:\/\/www.jazzypunto.es\/jazzaragon\/huesca\/sabinanigo\/jazz-en-la-colina-2013\/\" class=\"more-link\">Seguir leyendo <span class=\"screen-reader-text\">Jazz en la Colina 2013<\/span> <span class=\"meta-nav\">&rarr;<\/span><\/a><\/p>\n","protected":false},"author":1,"featured_media":0,"parent":451,"menu_order":10,"comment_status":"closed","ping_status":"open","template":"page-templates\/full-width.php","meta":{"footnotes":""},"class_list":["post-952","page","type-page","status-publish","hentry"],"yoast_head":"<!-- This site is optimized with the Yoast SEO plugin v27.4 - https:\/\/yoast.com\/product\/yoast-seo-wordpress\/ -->\n<title>Jazz en la Colina 2013 &#8212; Jazz Arag\u00f3n<\/title>\n<meta name=\"robots\" content=\"index, follow, max-snippet:-1, max-image-preview:large, max-video-preview:-1\" \/>\n<link rel=\"canonical\" href=\"https:\/\/www.jazzypunto.es\/jazzaragon\/huesca\/sabinanigo\/jazz-en-la-colina-2013\/\" \/>\n<meta property=\"og:locale\" content=\"es_ES\" \/>\n<meta property=\"og:type\" content=\"article\" \/>\n<meta property=\"og:title\" content=\"Jazz en la Colina 2013 &#8212; Jazz Arag\u00f3n\" \/>\n<meta property=\"og:description\" content=\"25 de Enero, 1 y 8 de Febrero 25 de Enero \u2013 Viernes 22.30 &#8211; Cuarteto de Saxofones \u201cCiudad de Sabi\u00f1\u00e1nigo\u201d \u00a0\u00a0 \u00a0 \u00a0 \u00a0 \u00a0 Pablo Fenero: saxo soprano \u00a0\u00a0\u00a0\u00a0\u00a0\u00a0\u00a0\u00a0\u00a0\u00a0 Juan Mart\u00ednez Bel\u00edo: saxo alto \u00a0\u00a0\u00a0\u00a0\u00a0\u00a0\u00a0\u00a0\u00a0\u00a0 Fco. Javier Mart\u00ednez Lardi\u00e9s: saxo bar\u00edtono \u00a0\u00a0\u00a0\u00a0\u00a0\u00a0\u00a0\u00a0\u00a0\u00a0 V\u00edctor Mart\u00edn: saxo tenor \u00a0Invitados: \u00a0\u00a0 \u00a0 \u00a0 \u00a0 \u00a0 Javier &hellip; Seguir leyendo Jazz en la Colina 2013 &rarr;\" \/>\n<meta property=\"og:url\" content=\"https:\/\/www.jazzypunto.es\/jazzaragon\/huesca\/sabinanigo\/jazz-en-la-colina-2013\/\" \/>\n<meta property=\"og:site_name\" content=\"Jazz Arag\u00f3n\" \/>\n<meta property=\"article:publisher\" content=\"https:\/\/www.facebook.com\/Danijazz\/\" \/>\n<meta property=\"article:modified_time\" content=\"2024-09-11T08:50:36+00:00\" \/>\n<meta property=\"og:image\" content=\"http:\/\/www.jazzypunto.es\/jazzaragon\/wp-content\/uploads\/2021\/09\/Cartel-Sabinanigo-2013-e1632937976318.jpg\" \/>\n<meta name=\"twitter:card\" content=\"summary_large_image\" \/>\n<meta name=\"twitter:site\" content=\"@_jazzaragon\" \/>\n<meta name=\"twitter:label1\" content=\"Tiempo de lectura\" \/>\n\t<meta name=\"twitter:data1\" content=\"2 minutos\" \/>\n<script type=\"application\/ld+json\" class=\"yoast-schema-graph\">{\"@context\":\"https:\\\/\\\/schema.org\",\"@graph\":[{\"@type\":\"WebPage\",\"@id\":\"https:\\\/\\\/www.jazzypunto.es\\\/jazzaragon\\\/huesca\\\/sabinanigo\\\/jazz-en-la-colina-2013\\\/\",\"url\":\"https:\\\/\\\/www.jazzypunto.es\\\/jazzaragon\\\/huesca\\\/sabinanigo\\\/jazz-en-la-colina-2013\\\/\",\"name\":\"Jazz en la Colina 2013 &#8212; Jazz Arag\u00f3n\",\"isPartOf\":{\"@id\":\"https:\\\/\\\/www.jazzypunto.es\\\/jazzaragon\\\/#website\"},\"primaryImageOfPage\":{\"@id\":\"https:\\\/\\\/www.jazzypunto.es\\\/jazzaragon\\\/huesca\\\/sabinanigo\\\/jazz-en-la-colina-2013\\\/#primaryimage\"},\"image\":{\"@id\":\"https:\\\/\\\/www.jazzypunto.es\\\/jazzaragon\\\/huesca\\\/sabinanigo\\\/jazz-en-la-colina-2013\\\/#primaryimage\"},\"thumbnailUrl\":\"http:\\\/\\\/www.jazzypunto.es\\\/jazzaragon\\\/wp-content\\\/uploads\\\/2021\\\/09\\\/Cartel-Sabinanigo-2013-e1632937976318.jpg\",\"datePublished\":\"2015-02-18T12:52:25+00:00\",\"dateModified\":\"2024-09-11T08:50:36+00:00\",\"breadcrumb\":{\"@id\":\"https:\\\/\\\/www.jazzypunto.es\\\/jazzaragon\\\/huesca\\\/sabinanigo\\\/jazz-en-la-colina-2013\\\/#breadcrumb\"},\"inLanguage\":\"es\",\"potentialAction\":[{\"@type\":\"ReadAction\",\"target\":[\"https:\\\/\\\/www.jazzypunto.es\\\/jazzaragon\\\/huesca\\\/sabinanigo\\\/jazz-en-la-colina-2013\\\/\"]}]},{\"@type\":\"ImageObject\",\"inLanguage\":\"es\",\"@id\":\"https:\\\/\\\/www.jazzypunto.es\\\/jazzaragon\\\/huesca\\\/sabinanigo\\\/jazz-en-la-colina-2013\\\/#primaryimage\",\"url\":\"https:\\\/\\\/i0.wp.com\\\/www.jazzypunto.es\\\/jazzaragon\\\/wp-content\\\/uploads\\\/2021\\\/09\\\/Cartel-Sabinanigo-2013-e1632937976318.jpg?fit=562%2C700&ssl=1\",\"contentUrl\":\"https:\\\/\\\/i0.wp.com\\\/www.jazzypunto.es\\\/jazzaragon\\\/wp-content\\\/uploads\\\/2021\\\/09\\\/Cartel-Sabinanigo-2013-e1632937976318.jpg?fit=562%2C700&ssl=1\",\"width\":562,\"height\":700},{\"@type\":\"BreadcrumbList\",\"@id\":\"https:\\\/\\\/www.jazzypunto.es\\\/jazzaragon\\\/huesca\\\/sabinanigo\\\/jazz-en-la-colina-2013\\\/#breadcrumb\",\"itemListElement\":[{\"@type\":\"ListItem\",\"position\":1,\"name\":\"Portada\",\"item\":\"https:\\\/\\\/www.jazzypunto.es\\\/jazzaragon\\\/\"},{\"@type\":\"ListItem\",\"position\":2,\"name\":\"Huesca\",\"item\":\"https:\\\/\\\/www.jazzypunto.es\\\/jazzaragon\\\/huesca\\\/\"},{\"@type\":\"ListItem\",\"position\":3,\"name\":\"Sabi\u00f1\u00e1nigo\",\"item\":\"https:\\\/\\\/www.jazzypunto.es\\\/jazzaragon\\\/huesca\\\/sabinanigo\\\/\"},{\"@type\":\"ListItem\",\"position\":4,\"name\":\"Jazz en la Colina 2013\"}]},{\"@type\":\"WebSite\",\"@id\":\"https:\\\/\\\/www.jazzypunto.es\\\/jazzaragon\\\/#website\",\"url\":\"https:\\\/\\\/www.jazzypunto.es\\\/jazzaragon\\\/\",\"name\":\"Jazz Arag\u00f3n\",\"description\":\"Historia y Actualidad\",\"publisher\":{\"@id\":\"https:\\\/\\\/www.jazzypunto.es\\\/jazzaragon\\\/#\\\/schema\\\/person\\\/c0d650c3b28b68befb325c5cddc3b0fe\"},\"potentialAction\":[{\"@type\":\"SearchAction\",\"target\":{\"@type\":\"EntryPoint\",\"urlTemplate\":\"https:\\\/\\\/www.jazzypunto.es\\\/jazzaragon\\\/?s={search_term_string}\"},\"query-input\":{\"@type\":\"PropertyValueSpecification\",\"valueRequired\":true,\"valueName\":\"search_term_string\"}}],\"inLanguage\":\"es\"},{\"@type\":[\"Person\",\"Organization\"],\"@id\":\"https:\\\/\\\/www.jazzypunto.es\\\/jazzaragon\\\/#\\\/schema\\\/person\\\/c0d650c3b28b68befb325c5cddc3b0fe\",\"name\":\"Danijazz\",\"image\":{\"@type\":\"ImageObject\",\"inLanguage\":\"es\",\"@id\":\"https:\\\/\\\/i0.wp.com\\\/www.jazzypunto.es\\\/jazzaragon\\\/wp-content\\\/uploads\\\/2022\\\/11\\\/Benja_Daniel-e1667983357479.jpg?fit=1000%2C975&ssl=1\",\"url\":\"https:\\\/\\\/i0.wp.com\\\/www.jazzypunto.es\\\/jazzaragon\\\/wp-content\\\/uploads\\\/2022\\\/11\\\/Benja_Daniel-e1667983357479.jpg?fit=1000%2C975&ssl=1\",\"contentUrl\":\"https:\\\/\\\/i0.wp.com\\\/www.jazzypunto.es\\\/jazzaragon\\\/wp-content\\\/uploads\\\/2022\\\/11\\\/Benja_Daniel-e1667983357479.jpg?fit=1000%2C975&ssl=1\",\"width\":1000,\"height\":975,\"caption\":\"Danijazz\"},\"logo\":{\"@id\":\"https:\\\/\\\/i0.wp.com\\\/www.jazzypunto.es\\\/jazzaragon\\\/wp-content\\\/uploads\\\/2022\\\/11\\\/Benja_Daniel-e1667983357479.jpg?fit=1000%2C975&ssl=1\"},\"sameAs\":[\"https:\\\/\\\/www.facebook.com\\\/Danijazz\\\/\"]}]}<\/script>\n<!-- \/ Yoast SEO plugin. -->","yoast_head_json":{"title":"Jazz en la Colina 2013 &#8212; Jazz Arag\u00f3n","robots":{"index":"index","follow":"follow","max-snippet":"max-snippet:-1","max-image-preview":"max-image-preview:large","max-video-preview":"max-video-preview:-1"},"canonical":"https:\/\/www.jazzypunto.es\/jazzaragon\/huesca\/sabinanigo\/jazz-en-la-colina-2013\/","og_locale":"es_ES","og_type":"article","og_title":"Jazz en la Colina 2013 &#8212; Jazz Arag\u00f3n","og_description":"25 de Enero, 1 y 8 de Febrero 25 de Enero \u2013 Viernes 22.30 &#8211; Cuarteto de Saxofones \u201cCiudad de Sabi\u00f1\u00e1nigo\u201d \u00a0\u00a0 \u00a0 \u00a0 \u00a0 \u00a0 Pablo Fenero: saxo soprano \u00a0\u00a0\u00a0\u00a0\u00a0\u00a0\u00a0\u00a0\u00a0\u00a0 Juan Mart\u00ednez Bel\u00edo: saxo alto \u00a0\u00a0\u00a0\u00a0\u00a0\u00a0\u00a0\u00a0\u00a0\u00a0 Fco. Javier Mart\u00ednez Lardi\u00e9s: saxo bar\u00edtono \u00a0\u00a0\u00a0\u00a0\u00a0\u00a0\u00a0\u00a0\u00a0\u00a0 V\u00edctor Mart\u00edn: saxo tenor \u00a0Invitados: \u00a0\u00a0 \u00a0 \u00a0 \u00a0 \u00a0 Javier &hellip; Seguir leyendo Jazz en la Colina 2013 &rarr;","og_url":"https:\/\/www.jazzypunto.es\/jazzaragon\/huesca\/sabinanigo\/jazz-en-la-colina-2013\/","og_site_name":"Jazz Arag\u00f3n","article_publisher":"https:\/\/www.facebook.com\/Danijazz\/","article_modified_time":"2024-09-11T08:50:36+00:00","og_image":[{"url":"http:\/\/www.jazzypunto.es\/jazzaragon\/wp-content\/uploads\/2021\/09\/Cartel-Sabinanigo-2013-e1632937976318.jpg","type":"","width":"","height":""}],"twitter_card":"summary_large_image","twitter_site":"@_jazzaragon","twitter_misc":{"Tiempo de lectura":"2 minutos"},"schema":{"@context":"https:\/\/schema.org","@graph":[{"@type":"WebPage","@id":"https:\/\/www.jazzypunto.es\/jazzaragon\/huesca\/sabinanigo\/jazz-en-la-colina-2013\/","url":"https:\/\/www.jazzypunto.es\/jazzaragon\/huesca\/sabinanigo\/jazz-en-la-colina-2013\/","name":"Jazz en la Colina 2013 &#8212; Jazz Arag\u00f3n","isPartOf":{"@id":"https:\/\/www.jazzypunto.es\/jazzaragon\/#website"},"primaryImageOfPage":{"@id":"https:\/\/www.jazzypunto.es\/jazzaragon\/huesca\/sabinanigo\/jazz-en-la-colina-2013\/#primaryimage"},"image":{"@id":"https:\/\/www.jazzypunto.es\/jazzaragon\/huesca\/sabinanigo\/jazz-en-la-colina-2013\/#primaryimage"},"thumbnailUrl":"http:\/\/www.jazzypunto.es\/jazzaragon\/wp-content\/uploads\/2021\/09\/Cartel-Sabinanigo-2013-e1632937976318.jpg","datePublished":"2015-02-18T12:52:25+00:00","dateModified":"2024-09-11T08:50:36+00:00","breadcrumb":{"@id":"https:\/\/www.jazzypunto.es\/jazzaragon\/huesca\/sabinanigo\/jazz-en-la-colina-2013\/#breadcrumb"},"inLanguage":"es","potentialAction":[{"@type":"ReadAction","target":["https:\/\/www.jazzypunto.es\/jazzaragon\/huesca\/sabinanigo\/jazz-en-la-colina-2013\/"]}]},{"@type":"ImageObject","inLanguage":"es","@id":"https:\/\/www.jazzypunto.es\/jazzaragon\/huesca\/sabinanigo\/jazz-en-la-colina-2013\/#primaryimage","url":"https:\/\/i0.wp.com\/www.jazzypunto.es\/jazzaragon\/wp-content\/uploads\/2021\/09\/Cartel-Sabinanigo-2013-e1632937976318.jpg?fit=562%2C700&ssl=1","contentUrl":"https:\/\/i0.wp.com\/www.jazzypunto.es\/jazzaragon\/wp-content\/uploads\/2021\/09\/Cartel-Sabinanigo-2013-e1632937976318.jpg?fit=562%2C700&ssl=1","width":562,"height":700},{"@type":"BreadcrumbList","@id":"https:\/\/www.jazzypunto.es\/jazzaragon\/huesca\/sabinanigo\/jazz-en-la-colina-2013\/#breadcrumb","itemListElement":[{"@type":"ListItem","position":1,"name":"Portada","item":"https:\/\/www.jazzypunto.es\/jazzaragon\/"},{"@type":"ListItem","position":2,"name":"Huesca","item":"https:\/\/www.jazzypunto.es\/jazzaragon\/huesca\/"},{"@type":"ListItem","position":3,"name":"Sabi\u00f1\u00e1nigo","item":"https:\/\/www.jazzypunto.es\/jazzaragon\/huesca\/sabinanigo\/"},{"@type":"ListItem","position":4,"name":"Jazz en la Colina 2013"}]},{"@type":"WebSite","@id":"https:\/\/www.jazzypunto.es\/jazzaragon\/#website","url":"https:\/\/www.jazzypunto.es\/jazzaragon\/","name":"Jazz Arag\u00f3n","description":"Historia y Actualidad","publisher":{"@id":"https:\/\/www.jazzypunto.es\/jazzaragon\/#\/schema\/person\/c0d650c3b28b68befb325c5cddc3b0fe"},"potentialAction":[{"@type":"SearchAction","target":{"@type":"EntryPoint","urlTemplate":"https:\/\/www.jazzypunto.es\/jazzaragon\/?s={search_term_string}"},"query-input":{"@type":"PropertyValueSpecification","valueRequired":true,"valueName":"search_term_string"}}],"inLanguage":"es"},{"@type":["Person","Organization"],"@id":"https:\/\/www.jazzypunto.es\/jazzaragon\/#\/schema\/person\/c0d650c3b28b68befb325c5cddc3b0fe","name":"Danijazz","image":{"@type":"ImageObject","inLanguage":"es","@id":"https:\/\/i0.wp.com\/www.jazzypunto.es\/jazzaragon\/wp-content\/uploads\/2022\/11\/Benja_Daniel-e1667983357479.jpg?fit=1000%2C975&ssl=1","url":"https:\/\/i0.wp.com\/www.jazzypunto.es\/jazzaragon\/wp-content\/uploads\/2022\/11\/Benja_Daniel-e1667983357479.jpg?fit=1000%2C975&ssl=1","contentUrl":"https:\/\/i0.wp.com\/www.jazzypunto.es\/jazzaragon\/wp-content\/uploads\/2022\/11\/Benja_Daniel-e1667983357479.jpg?fit=1000%2C975&ssl=1","width":1000,"height":975,"caption":"Danijazz"},"logo":{"@id":"https:\/\/i0.wp.com\/www.jazzypunto.es\/jazzaragon\/wp-content\/uploads\/2022\/11\/Benja_Daniel-e1667983357479.jpg?fit=1000%2C975&ssl=1"},"sameAs":["https:\/\/www.facebook.com\/Danijazz\/"]}]}},"jetpack_sharing_enabled":true,"_links":{"self":[{"href":"https:\/\/www.jazzypunto.es\/jazzaragon\/wp-json\/wp\/v2\/pages\/952","targetHints":{"allow":["GET"]}}],"collection":[{"href":"https:\/\/www.jazzypunto.es\/jazzaragon\/wp-json\/wp\/v2\/pages"}],"about":[{"href":"https:\/\/www.jazzypunto.es\/jazzaragon\/wp-json\/wp\/v2\/types\/page"}],"author":[{"embeddable":true,"href":"https:\/\/www.jazzypunto.es\/jazzaragon\/wp-json\/wp\/v2\/users\/1"}],"replies":[{"embeddable":true,"href":"https:\/\/www.jazzypunto.es\/jazzaragon\/wp-json\/wp\/v2\/comments?post=952"}],"version-history":[{"count":15,"href":"https:\/\/www.jazzypunto.es\/jazzaragon\/wp-json\/wp\/v2\/pages\/952\/revisions"}],"predecessor-version":[{"id":23420,"href":"https:\/\/www.jazzypunto.es\/jazzaragon\/wp-json\/wp\/v2\/pages\/952\/revisions\/23420"}],"up":[{"embeddable":true,"href":"https:\/\/www.jazzypunto.es\/jazzaragon\/wp-json\/wp\/v2\/pages\/451"}],"wp:attachment":[{"href":"https:\/\/www.jazzypunto.es\/jazzaragon\/wp-json\/wp\/v2\/media?parent=952"}],"curies":[{"name":"wp","href":"https:\/\/api.w.org\/{rel}","templated":true}]}}