{"id":99,"date":"2015-02-09T20:09:47","date_gmt":"2015-02-09T20:09:47","guid":{"rendered":"http:\/\/www.jazzypunto.es\/jazzaragon\/?page_id=99"},"modified":"2023-03-19T09:55:26","modified_gmt":"2023-03-19T08:55:26","slug":"1994-xi-festival","status":"publish","type":"page","link":"https:\/\/www.jazzypunto.es\/jazzaragon\/zaragoza\/festivales\/1994-xi-festival\/","title":{"rendered":"1994 &#8211; XI Festival"},"content":{"rendered":"<h3 style=\"text-align: center;\"><strong>Del 7 de Noviembre al 2 de Diciembre<\/strong><\/h3>\n<p><img data-recalc-dims=\"1\" decoding=\"async\" class=\"aligncenter  wp-image-9396 lazyload\" data-src=\"https:\/\/i0.wp.com\/www.jazzypunto.es\/jazzaragon\/wp-content\/uploads\/2020\/10\/Cartel-1994_471x675.jpg?resize=373%2C534\" alt=\"\" width=\"373\" height=\"534\" data-srcset=\"https:\/\/i0.wp.com\/www.jazzypunto.es\/jazzaragon\/wp-content\/uploads\/2020\/10\/Cartel-1994_471x675.jpg?w=471&amp;ssl=1 471w, https:\/\/i0.wp.com\/www.jazzypunto.es\/jazzaragon\/wp-content\/uploads\/2020\/10\/Cartel-1994_471x675.jpg?resize=209%2C300&amp;ssl=1 209w\" data-sizes=\"(max-width: 373px) 100vw, 373px\" src=\"data:image\/svg+xml;base64,PHN2ZyB3aWR0aD0iMSIgaGVpZ2h0PSIxIiB4bWxucz0iaHR0cDovL3d3dy53My5vcmcvMjAwMC9zdmciPjwvc3ZnPg==\" style=\"--smush-placeholder-width: 373px; --smush-placeholder-aspect-ratio: 373\/534;\" \/><\/p>\n<p style=\"text-align: center;\">&nbsp;<strong>7 de Noviembre <\/strong>&#8211;&nbsp; Lunes&nbsp; 21.00 horas<\/p>\n<figure id=\"attachment_3434\" aria-describedby=\"caption-attachment-3434\" style=\"width: 400px\" class=\"wp-caption aligncenter\"><a href=\"http:\/\/www.jazzypunto.es\/jazzaragon\/wp-content\/uploads\/2015\/02\/Foto-Count-Basie-640x480.bmp\" rel=\"lightbox-0\" data-rel=\"lightbox-image-0\" data-imagelightbox=\"0\" data-rl_title=\"\" data-rl_caption=\"\" title=\"\"><img decoding=\"async\" class=\" wp-image-3434\" src=\"http:\/\/www.jazzypunto.es\/jazzaragon\/wp-content\/uploads\/2015\/02\/Foto-Count-Basie-640x480.bmp\" alt=\"Count Basie Orchestra\" width=\"400\" height=\"207\" srcset=\"https:\/\/www.jazzypunto.es\/jazzaragon\/wp-content\/uploads\/2015\/02\/Foto-Count-Basie-640x480.bmp 640w, https:\/\/www.jazzypunto.es\/jazzaragon\/wp-content\/uploads\/2015\/02\/Foto-Count-Basie-640x480-300x155.bmp 300w\" sizes=\"(max-width: 400px) 100vw, 400px\" \/><\/a><figcaption id=\"caption-attachment-3434\" class=\"wp-caption-text\">Count Basie Orchestra<\/figcaption><\/figure>\n<p style=\"text-align: center;\"><strong>Sala Mozart <\/strong>(1800 pts.)<\/p>\n<p><strong><em>&#8211; The Count Basie Orchestra<\/em><\/strong><\/p>\n<p style=\"padding-left: 30px;\"><em>Frank Foster: Saxo Tenor y Direcci\u00f3n<\/em><br \/>\n<em>Robert Ojeda: Trompeta<\/em><br \/>\n<em>Michael P. Williams: Trompeta<\/em><br \/>\n<em>Derrick Gardner: Trompeta<\/em><br \/>\n<em>William \u201cScotty\u201c Barnhart: Trompeta<\/em><br \/>\n<em>William Hughes: Tromb\u00f3n<\/em><br \/>\n<em>Melvin Wanzo: Tromb\u00f3n<\/em><br \/>\n<em>Clarence Banks: Tromb\u00f3n<\/em><br \/>\n<em>Robert Trowers: Tromb\u00f3n<\/em><br \/>\n<em>James \u201cDanny\u201d Turner: Saxo Alto<\/em><br \/>\n<em>John C. Williams: Saxo Bar\u00edtono<\/em><br \/>\n<em>Kenneth A. Hing: Saxo Tenor<\/em><br \/>\n<em>Doug Miller: Saxo Tenor<\/em><br \/>\n<em>Emmanuel \u201cManny\u201d Boyd: Saxo Alto<\/em><br \/>\n<em>Cleveland Eaton: Bajo<\/em><br \/>\n<em>Charlton Johnson: Guitarra<\/em><br \/>\n<em>George Caldwell: Piano<\/em><br \/>\n<em>David Gibson: Bater\u00eda<\/em><br \/>\n<em>Chris Murrell: Vocal<\/em><\/p>\n<p style=\"text-align: center;\"><strong>10 de Noviembre <\/strong>&#8211;&nbsp; Jueves&nbsp; 21.00 horas<\/p>\n<p style=\"text-align: center;\"><strong>Sala Mozart <\/strong>(1800 pts.)<\/p>\n<p><strong><em>&#8211; Arturo Sandoval<\/em><\/strong><\/p>\n<p style=\"padding-left: 30px;\"><em>Arturo Sandoval: Trompeta<\/em><br \/>\n<em>Kenny Anderson: Teclados y Saxos<\/em><br \/>\n<em>Otmaro Ruiz: Piano, Teclados y Coros<\/em><br \/>\n<em>Dave Enos: Bajo<\/em><br \/>\n<em>Aaron Serfaty: Bater\u00eda<\/em><br \/>\n<em>Carlos G\u00f3mez: Percusi\u00f3n, Coros<\/em><\/p>\n<p style=\"text-align: center;\"><strong>14 de Noviembre <\/strong>&#8211;&nbsp; Lunes&nbsp; 21.00 horas<\/p>\n<p style=\"text-align: center;\"><strong>Sala Galve <\/strong>(1200 pts.)<\/p>\n<p><strong><em>&#8211; Roy Rogers &amp; The Delta Rhythm Kings<\/em><\/strong><\/p>\n<p style=\"padding-left: 30px;\"><em>Roy Rogers: Lider, Guitarra<\/em><br \/>\n<em>Mike Hyman: Bater\u00eda<\/em><br \/>\n<em>Steve Evans: Bajo<\/em><br \/>\n<em>Phil AaBerg: Saxo<\/em><\/p>\n<p style=\"text-align: center;\"><strong>23 de Noviembre <\/strong>&#8211;&nbsp; Mi\u00e9rcoles&nbsp; 21.00 horas<\/p>\n<p style=\"text-align: center;\"><strong>Sala Galve <\/strong>(1200 pts.)<\/p>\n<figure id=\"attachment_3438\" aria-describedby=\"caption-attachment-3438\" style=\"width: 411px\" class=\"wp-caption aligncenter\"><a href=\"http:\/\/www.jazzypunto.es\/jazzaragon\/wp-content\/uploads\/2015\/02\/Foto-Cactafiore-640x4801.bmp\" rel=\"lightbox-1\" data-rel=\"lightbox-image-1\" data-imagelightbox=\"1\" data-rl_title=\"\" data-rl_caption=\"\" title=\"\"><img decoding=\"async\" class=\" wp-image-3438\" src=\"http:\/\/www.jazzypunto.es\/jazzaragon\/wp-content\/uploads\/2015\/02\/Foto-Cactafiore-640x4801.bmp\" alt=\"Castafiore\" width=\"411\" height=\"221\" srcset=\"https:\/\/www.jazzypunto.es\/jazzaragon\/wp-content\/uploads\/2015\/02\/Foto-Cactafiore-640x4801.bmp 640w, https:\/\/www.jazzypunto.es\/jazzaragon\/wp-content\/uploads\/2015\/02\/Foto-Cactafiore-640x4801-300x161.bmp 300w\" sizes=\"(max-width: 411px) 100vw, 411px\" \/><\/a><figcaption id=\"caption-attachment-3438\" class=\"wp-caption-text\">Castafiore<\/figcaption><\/figure>\n<p><strong><em>&#8211; Castafiore<\/em><\/strong><\/p>\n<p style=\"padding-left: 30px;\"><em>Diego Mart\u00ednez de Pis\u00f3n: Guitarra<\/em><br \/>\n<em>Coco Balasch: Contrabajo<\/em><br \/>\n<em>Jes\u00fas Fandos: Bater\u00eda<\/em><br \/>\n<em>Pedro Lacarra: Saxo<\/em><\/p>\n<p style=\"text-align: center;\"><strong>26 de Noviembre <\/strong>&#8211;&nbsp; S\u00e1bado&nbsp; 21.00 horas<\/p>\n<p style=\"text-align: center;\"><strong>Sala Mozart <\/strong>(1800 pts.)<\/p>\n<p><strong><em>&#8211; John McLaughlin<\/em><\/strong><\/p>\n<p><em>&nbsp; &nbsp; &nbsp; &nbsp; John McLaughlin: Guitarra<\/em><br \/>\n<em>&nbsp; &nbsp; &nbsp; &nbsp;Joey DeFrancesco: \u00d3rgano y Trompeta<\/em><br \/>\n<em>&nbsp; &nbsp; &nbsp; &nbsp;Dennis Chambers: Bater\u00eda<\/em><\/p>\n<p style=\"text-align: center;\"><strong>2 de Diciembre <\/strong>&#8211;&nbsp; Viernes&nbsp; 21.00 horas<\/p>\n<p style=\"text-align: center;\"><strong>Sala Galve <\/strong>(1200 pts.)<\/p>\n<figure id=\"attachment_3436\" aria-describedby=\"caption-attachment-3436\" style=\"width: 248px\" class=\"wp-caption alignleft\"><a href=\"http:\/\/www.jazzypunto.es\/jazzaragon\/wp-content\/uploads\/2015\/02\/Foto-Petrucciani-640x480.bmp\" rel=\"lightbox-2\" data-rel=\"lightbox-image-2\" data-imagelightbox=\"2\" data-rl_title=\"\" data-rl_caption=\"\" title=\"\"><img decoding=\"async\" class=\" wp-image-3436\" src=\"http:\/\/www.jazzypunto.es\/jazzaragon\/wp-content\/uploads\/2015\/02\/Foto-Petrucciani-640x480.bmp\" alt=\"Michel Petrucciani\" width=\"248\" height=\"303\" srcset=\"https:\/\/www.jazzypunto.es\/jazzaragon\/wp-content\/uploads\/2015\/02\/Foto-Petrucciani-640x480.bmp 393w, https:\/\/www.jazzypunto.es\/jazzaragon\/wp-content\/uploads\/2015\/02\/Foto-Petrucciani-640x480-246x300.bmp 246w\" sizes=\"(max-width: 248px) 100vw, 248px\" \/><\/a><figcaption id=\"caption-attachment-3436\" class=\"wp-caption-text\">Michel Petrucciani<\/figcaption><\/figure>\n<p><strong><em>&#8211; Michel Petrucciani<\/em><\/strong><\/p>\n<p style=\"padding-left: 30px;\"><em>Michel Petrucciani: Piano<\/em><\/p>\n<p><strong><em>&nbsp;&nbsp;&nbsp;&nbsp;&nbsp;&nbsp;&nbsp;&nbsp;&nbsp;&nbsp;&nbsp;&nbsp;&nbsp;&nbsp;&nbsp;<\/em><\/strong><\/p>\n<p><strong>&nbsp;<\/strong><strong>&nbsp;<\/strong><\/p>\n<p><em>Participaron <strong>37<\/strong> m\u00fasicos<\/em><\/p>\n<p><strong><em><a href=\"https:\/\/i0.wp.com\/www.jazzypunto.es\/jazzaragon\/wp-content\/uploads\/2015\/02\/Jazz-Off-1994-640x480.jpg\" rel=\"lightbox-3\" data-rel=\"lightbox-image-3\" data-imagelightbox=\"3\" data-rl_title=\"\" data-rl_caption=\"\" title=\"\"><img data-recalc-dims=\"1\" decoding=\"async\" class=\"alignleft wp-image-3441 lazyload\" data-src=\"https:\/\/i0.wp.com\/www.jazzypunto.es\/jazzaragon\/wp-content\/uploads\/2015\/02\/Jazz-Off-1994-640x480.jpg?resize=232%2C528\" alt=\"Jazz Off 1994 [640x480]\" width=\"232\" height=\"528\" data-srcset=\"https:\/\/i0.wp.com\/www.jazzypunto.es\/jazzaragon\/wp-content\/uploads\/2015\/02\/Jazz-Off-1994-640x480.jpg?w=211&amp;ssl=1 211w, https:\/\/i0.wp.com\/www.jazzypunto.es\/jazzaragon\/wp-content\/uploads\/2015\/02\/Jazz-Off-1994-640x480.jpg?resize=132%2C300&amp;ssl=1 132w\" data-sizes=\"(max-width: 232px) 100vw, 232px\" src=\"data:image\/svg+xml;base64,PHN2ZyB3aWR0aD0iMSIgaGVpZ2h0PSIxIiB4bWxucz0iaHR0cDovL3d3dy53My5vcmcvMjAwMC9zdmciPjwvc3ZnPg==\" style=\"--smush-placeholder-width: 232px; --smush-placeholder-aspect-ratio: 232\/528;\" \/><\/a><\/em><\/strong><\/p>\n<p><strong><em>Patrocina:<\/em><\/strong><\/p>\n<p style=\"padding-left: 90px;\"><em>Heraldo de Arag\u00f3n<\/em><br \/>\n<em>IberCaja<\/em><br \/>\n<em>Cerveza Marlen de Zaragozana<\/em><\/p>\n<p><strong><em>Organiza:<\/em><\/strong><\/p>\n<p style=\"padding-left: 90px;\"><em>\u00c1rea de Cultura y Educaci\u00f3n del Ayuntamiento de Zaragoza<\/em><\/p>\n","protected":false},"excerpt":{"rendered":"<p>Del 7 de Noviembre al 2 de Diciembre &nbsp;7 de Noviembre &#8211;&nbsp; Lunes&nbsp; 21.00 horas Sala Mozart (1800 pts.) &#8211; The Count Basie Orchestra Frank Foster: Saxo Tenor y Direcci\u00f3n Robert Ojeda: Trompeta Michael P. Williams: Trompeta Derrick Gardner: Trompeta William \u201cScotty\u201c Barnhart: Trompeta William Hughes: Tromb\u00f3n Melvin Wanzo: Tromb\u00f3n Clarence Banks: Tromb\u00f3n Robert Trowers: &hellip; <a href=\"https:\/\/www.jazzypunto.es\/jazzaragon\/zaragoza\/festivales\/1994-xi-festival\/\" class=\"more-link\">Seguir leyendo <span class=\"screen-reader-text\">1994 &#8211; XI Festival<\/span> <span class=\"meta-nav\">&rarr;<\/span><\/a><\/p>\n","protected":false},"author":1,"featured_media":0,"parent":3045,"menu_order":0,"comment_status":"open","ping_status":"open","template":"page-templates\/full-width.php","meta":{"footnotes":""},"class_list":["post-99","page","type-page","status-publish","hentry"],"yoast_head":"<!-- This site is optimized with the Yoast SEO plugin v27.6 - https:\/\/yoast.com\/product\/yoast-seo-wordpress\/ -->\n<title>1994 - XI Festival &#8212; Jazz Arag\u00f3n<\/title>\n<meta name=\"robots\" content=\"index, follow, max-snippet:-1, max-image-preview:large, max-video-preview:-1\" \/>\n<link rel=\"canonical\" href=\"https:\/\/www.jazzypunto.es\/jazzaragon\/zaragoza\/festivales\/1994-xi-festival\/\" \/>\n<meta property=\"og:locale\" content=\"es_ES\" \/>\n<meta property=\"og:type\" content=\"article\" \/>\n<meta property=\"og:title\" content=\"1994 - XI Festival &#8212; Jazz Arag\u00f3n\" \/>\n<meta property=\"og:description\" content=\"Del 7 de Noviembre al 2 de Diciembre &nbsp;7 de Noviembre &#8211;&nbsp; Lunes&nbsp; 21.00 horas Sala Mozart (1800 pts.) &#8211; The Count Basie Orchestra Frank Foster: Saxo Tenor y Direcci\u00f3n Robert Ojeda: Trompeta Michael P. Williams: Trompeta Derrick Gardner: Trompeta William \u201cScotty\u201c Barnhart: Trompeta William Hughes: Tromb\u00f3n Melvin Wanzo: Tromb\u00f3n Clarence Banks: Tromb\u00f3n Robert Trowers: &hellip; Seguir leyendo 1994 &#8211; XI Festival &rarr;\" \/>\n<meta property=\"og:url\" content=\"https:\/\/www.jazzypunto.es\/jazzaragon\/zaragoza\/festivales\/1994-xi-festival\/\" \/>\n<meta property=\"og:site_name\" content=\"Jazz Arag\u00f3n\" \/>\n<meta property=\"article:publisher\" content=\"https:\/\/www.facebook.com\/Danijazz\/\" \/>\n<meta property=\"article:modified_time\" content=\"2023-03-19T08:55:26+00:00\" \/>\n<meta property=\"og:image\" content=\"http:\/\/www.jazzypunto.es\/jazzaragon\/wp-content\/uploads\/2020\/10\/Cartel-1994_471x675.jpg\" \/>\n<meta name=\"twitter:card\" content=\"summary_large_image\" \/>\n<meta name=\"twitter:site\" content=\"@_jazzaragon\" \/>\n<meta name=\"twitter:label1\" content=\"Tiempo de lectura\" \/>\n\t<meta name=\"twitter:data1\" content=\"3 minutos\" \/>\n<script type=\"application\/ld+json\" class=\"yoast-schema-graph\">{\"@context\":\"https:\\\/\\\/schema.org\",\"@graph\":[{\"@type\":\"WebPage\",\"@id\":\"https:\\\/\\\/www.jazzypunto.es\\\/jazzaragon\\\/zaragoza\\\/festivales\\\/1994-xi-festival\\\/\",\"url\":\"https:\\\/\\\/www.jazzypunto.es\\\/jazzaragon\\\/zaragoza\\\/festivales\\\/1994-xi-festival\\\/\",\"name\":\"1994 - XI Festival &#8212; Jazz Arag\u00f3n\",\"isPartOf\":{\"@id\":\"https:\\\/\\\/www.jazzypunto.es\\\/jazzaragon\\\/#website\"},\"primaryImageOfPage\":{\"@id\":\"https:\\\/\\\/www.jazzypunto.es\\\/jazzaragon\\\/zaragoza\\\/festivales\\\/1994-xi-festival\\\/#primaryimage\"},\"image\":{\"@id\":\"https:\\\/\\\/www.jazzypunto.es\\\/jazzaragon\\\/zaragoza\\\/festivales\\\/1994-xi-festival\\\/#primaryimage\"},\"thumbnailUrl\":\"http:\\\/\\\/www.jazzypunto.es\\\/jazzaragon\\\/wp-content\\\/uploads\\\/2020\\\/10\\\/Cartel-1994_471x675.jpg\",\"datePublished\":\"2015-02-09T20:09:47+00:00\",\"dateModified\":\"2023-03-19T08:55:26+00:00\",\"breadcrumb\":{\"@id\":\"https:\\\/\\\/www.jazzypunto.es\\\/jazzaragon\\\/zaragoza\\\/festivales\\\/1994-xi-festival\\\/#breadcrumb\"},\"inLanguage\":\"es\",\"potentialAction\":[{\"@type\":\"ReadAction\",\"target\":[\"https:\\\/\\\/www.jazzypunto.es\\\/jazzaragon\\\/zaragoza\\\/festivales\\\/1994-xi-festival\\\/\"]}]},{\"@type\":\"ImageObject\",\"inLanguage\":\"es\",\"@id\":\"https:\\\/\\\/www.jazzypunto.es\\\/jazzaragon\\\/zaragoza\\\/festivales\\\/1994-xi-festival\\\/#primaryimage\",\"url\":\"https:\\\/\\\/i0.wp.com\\\/www.jazzypunto.es\\\/jazzaragon\\\/wp-content\\\/uploads\\\/2020\\\/10\\\/Cartel-1994_471x675.jpg?fit=471%2C675&ssl=1\",\"contentUrl\":\"https:\\\/\\\/i0.wp.com\\\/www.jazzypunto.es\\\/jazzaragon\\\/wp-content\\\/uploads\\\/2020\\\/10\\\/Cartel-1994_471x675.jpg?fit=471%2C675&ssl=1\",\"width\":471,\"height\":675},{\"@type\":\"BreadcrumbList\",\"@id\":\"https:\\\/\\\/www.jazzypunto.es\\\/jazzaragon\\\/zaragoza\\\/festivales\\\/1994-xi-festival\\\/#breadcrumb\",\"itemListElement\":[{\"@type\":\"ListItem\",\"position\":1,\"name\":\"Portada\",\"item\":\"https:\\\/\\\/www.jazzypunto.es\\\/jazzaragon\\\/\"},{\"@type\":\"ListItem\",\"position\":2,\"name\":\"Zaragoza\",\"item\":\"https:\\\/\\\/www.jazzypunto.es\\\/jazzaragon\\\/zaragoza\\\/\"},{\"@type\":\"ListItem\",\"position\":3,\"name\":\"Festival de Zaragoza\",\"item\":\"https:\\\/\\\/www.jazzypunto.es\\\/jazzaragon\\\/zaragoza\\\/festivales\\\/\"},{\"@type\":\"ListItem\",\"position\":4,\"name\":\"1994 &#8211; XI Festival\"}]},{\"@type\":\"WebSite\",\"@id\":\"https:\\\/\\\/www.jazzypunto.es\\\/jazzaragon\\\/#website\",\"url\":\"https:\\\/\\\/www.jazzypunto.es\\\/jazzaragon\\\/\",\"name\":\"Jazz Arag\u00f3n\",\"description\":\"Historia y Actualidad\",\"publisher\":{\"@id\":\"https:\\\/\\\/www.jazzypunto.es\\\/jazzaragon\\\/#\\\/schema\\\/person\\\/c0d650c3b28b68befb325c5cddc3b0fe\"},\"potentialAction\":[{\"@type\":\"SearchAction\",\"target\":{\"@type\":\"EntryPoint\",\"urlTemplate\":\"https:\\\/\\\/www.jazzypunto.es\\\/jazzaragon\\\/?s={search_term_string}\"},\"query-input\":{\"@type\":\"PropertyValueSpecification\",\"valueRequired\":true,\"valueName\":\"search_term_string\"}}],\"inLanguage\":\"es\"},{\"@type\":[\"Person\",\"Organization\"],\"@id\":\"https:\\\/\\\/www.jazzypunto.es\\\/jazzaragon\\\/#\\\/schema\\\/person\\\/c0d650c3b28b68befb325c5cddc3b0fe\",\"name\":\"Danijazz\",\"image\":{\"@type\":\"ImageObject\",\"inLanguage\":\"es\",\"@id\":\"https:\\\/\\\/i0.wp.com\\\/www.jazzypunto.es\\\/jazzaragon\\\/wp-content\\\/uploads\\\/2022\\\/11\\\/Benja_Daniel-e1667983357479.jpg?fit=1000%2C975&ssl=1\",\"url\":\"https:\\\/\\\/i0.wp.com\\\/www.jazzypunto.es\\\/jazzaragon\\\/wp-content\\\/uploads\\\/2022\\\/11\\\/Benja_Daniel-e1667983357479.jpg?fit=1000%2C975&ssl=1\",\"contentUrl\":\"https:\\\/\\\/i0.wp.com\\\/www.jazzypunto.es\\\/jazzaragon\\\/wp-content\\\/uploads\\\/2022\\\/11\\\/Benja_Daniel-e1667983357479.jpg?fit=1000%2C975&ssl=1\",\"width\":1000,\"height\":975,\"caption\":\"Danijazz\"},\"logo\":{\"@id\":\"https:\\\/\\\/i0.wp.com\\\/www.jazzypunto.es\\\/jazzaragon\\\/wp-content\\\/uploads\\\/2022\\\/11\\\/Benja_Daniel-e1667983357479.jpg?fit=1000%2C975&ssl=1\"},\"sameAs\":[\"https:\\\/\\\/www.facebook.com\\\/Danijazz\\\/\"]}]}<\/script>\n<!-- \/ Yoast SEO plugin. -->","yoast_head_json":{"title":"1994 - XI Festival &#8212; Jazz Arag\u00f3n","robots":{"index":"index","follow":"follow","max-snippet":"max-snippet:-1","max-image-preview":"max-image-preview:large","max-video-preview":"max-video-preview:-1"},"canonical":"https:\/\/www.jazzypunto.es\/jazzaragon\/zaragoza\/festivales\/1994-xi-festival\/","og_locale":"es_ES","og_type":"article","og_title":"1994 - XI Festival &#8212; Jazz Arag\u00f3n","og_description":"Del 7 de Noviembre al 2 de Diciembre &nbsp;7 de Noviembre &#8211;&nbsp; Lunes&nbsp; 21.00 horas Sala Mozart (1800 pts.) &#8211; The Count Basie Orchestra Frank Foster: Saxo Tenor y Direcci\u00f3n Robert Ojeda: Trompeta Michael P. Williams: Trompeta Derrick Gardner: Trompeta William \u201cScotty\u201c Barnhart: Trompeta William Hughes: Tromb\u00f3n Melvin Wanzo: Tromb\u00f3n Clarence Banks: Tromb\u00f3n Robert Trowers: &hellip; Seguir leyendo 1994 &#8211; XI Festival &rarr;","og_url":"https:\/\/www.jazzypunto.es\/jazzaragon\/zaragoza\/festivales\/1994-xi-festival\/","og_site_name":"Jazz Arag\u00f3n","article_publisher":"https:\/\/www.facebook.com\/Danijazz\/","article_modified_time":"2023-03-19T08:55:26+00:00","og_image":[{"url":"http:\/\/www.jazzypunto.es\/jazzaragon\/wp-content\/uploads\/2020\/10\/Cartel-1994_471x675.jpg","type":"","width":"","height":""}],"twitter_card":"summary_large_image","twitter_site":"@_jazzaragon","twitter_misc":{"Tiempo de lectura":"3 minutos"},"schema":{"@context":"https:\/\/schema.org","@graph":[{"@type":"WebPage","@id":"https:\/\/www.jazzypunto.es\/jazzaragon\/zaragoza\/festivales\/1994-xi-festival\/","url":"https:\/\/www.jazzypunto.es\/jazzaragon\/zaragoza\/festivales\/1994-xi-festival\/","name":"1994 - XI Festival &#8212; Jazz Arag\u00f3n","isPartOf":{"@id":"https:\/\/www.jazzypunto.es\/jazzaragon\/#website"},"primaryImageOfPage":{"@id":"https:\/\/www.jazzypunto.es\/jazzaragon\/zaragoza\/festivales\/1994-xi-festival\/#primaryimage"},"image":{"@id":"https:\/\/www.jazzypunto.es\/jazzaragon\/zaragoza\/festivales\/1994-xi-festival\/#primaryimage"},"thumbnailUrl":"http:\/\/www.jazzypunto.es\/jazzaragon\/wp-content\/uploads\/2020\/10\/Cartel-1994_471x675.jpg","datePublished":"2015-02-09T20:09:47+00:00","dateModified":"2023-03-19T08:55:26+00:00","breadcrumb":{"@id":"https:\/\/www.jazzypunto.es\/jazzaragon\/zaragoza\/festivales\/1994-xi-festival\/#breadcrumb"},"inLanguage":"es","potentialAction":[{"@type":"ReadAction","target":["https:\/\/www.jazzypunto.es\/jazzaragon\/zaragoza\/festivales\/1994-xi-festival\/"]}]},{"@type":"ImageObject","inLanguage":"es","@id":"https:\/\/www.jazzypunto.es\/jazzaragon\/zaragoza\/festivales\/1994-xi-festival\/#primaryimage","url":"https:\/\/i0.wp.com\/www.jazzypunto.es\/jazzaragon\/wp-content\/uploads\/2020\/10\/Cartel-1994_471x675.jpg?fit=471%2C675&ssl=1","contentUrl":"https:\/\/i0.wp.com\/www.jazzypunto.es\/jazzaragon\/wp-content\/uploads\/2020\/10\/Cartel-1994_471x675.jpg?fit=471%2C675&ssl=1","width":471,"height":675},{"@type":"BreadcrumbList","@id":"https:\/\/www.jazzypunto.es\/jazzaragon\/zaragoza\/festivales\/1994-xi-festival\/#breadcrumb","itemListElement":[{"@type":"ListItem","position":1,"name":"Portada","item":"https:\/\/www.jazzypunto.es\/jazzaragon\/"},{"@type":"ListItem","position":2,"name":"Zaragoza","item":"https:\/\/www.jazzypunto.es\/jazzaragon\/zaragoza\/"},{"@type":"ListItem","position":3,"name":"Festival de Zaragoza","item":"https:\/\/www.jazzypunto.es\/jazzaragon\/zaragoza\/festivales\/"},{"@type":"ListItem","position":4,"name":"1994 &#8211; XI Festival"}]},{"@type":"WebSite","@id":"https:\/\/www.jazzypunto.es\/jazzaragon\/#website","url":"https:\/\/www.jazzypunto.es\/jazzaragon\/","name":"Jazz Arag\u00f3n","description":"Historia y Actualidad","publisher":{"@id":"https:\/\/www.jazzypunto.es\/jazzaragon\/#\/schema\/person\/c0d650c3b28b68befb325c5cddc3b0fe"},"potentialAction":[{"@type":"SearchAction","target":{"@type":"EntryPoint","urlTemplate":"https:\/\/www.jazzypunto.es\/jazzaragon\/?s={search_term_string}"},"query-input":{"@type":"PropertyValueSpecification","valueRequired":true,"valueName":"search_term_string"}}],"inLanguage":"es"},{"@type":["Person","Organization"],"@id":"https:\/\/www.jazzypunto.es\/jazzaragon\/#\/schema\/person\/c0d650c3b28b68befb325c5cddc3b0fe","name":"Danijazz","image":{"@type":"ImageObject","inLanguage":"es","@id":"https:\/\/i0.wp.com\/www.jazzypunto.es\/jazzaragon\/wp-content\/uploads\/2022\/11\/Benja_Daniel-e1667983357479.jpg?fit=1000%2C975&ssl=1","url":"https:\/\/i0.wp.com\/www.jazzypunto.es\/jazzaragon\/wp-content\/uploads\/2022\/11\/Benja_Daniel-e1667983357479.jpg?fit=1000%2C975&ssl=1","contentUrl":"https:\/\/i0.wp.com\/www.jazzypunto.es\/jazzaragon\/wp-content\/uploads\/2022\/11\/Benja_Daniel-e1667983357479.jpg?fit=1000%2C975&ssl=1","width":1000,"height":975,"caption":"Danijazz"},"logo":{"@id":"https:\/\/i0.wp.com\/www.jazzypunto.es\/jazzaragon\/wp-content\/uploads\/2022\/11\/Benja_Daniel-e1667983357479.jpg?fit=1000%2C975&ssl=1"},"sameAs":["https:\/\/www.facebook.com\/Danijazz\/"]}]}},"jetpack_sharing_enabled":true,"_links":{"self":[{"href":"https:\/\/www.jazzypunto.es\/jazzaragon\/wp-json\/wp\/v2\/pages\/99","targetHints":{"allow":["GET"]}}],"collection":[{"href":"https:\/\/www.jazzypunto.es\/jazzaragon\/wp-json\/wp\/v2\/pages"}],"about":[{"href":"https:\/\/www.jazzypunto.es\/jazzaragon\/wp-json\/wp\/v2\/types\/page"}],"author":[{"embeddable":true,"href":"https:\/\/www.jazzypunto.es\/jazzaragon\/wp-json\/wp\/v2\/users\/1"}],"replies":[{"embeddable":true,"href":"https:\/\/www.jazzypunto.es\/jazzaragon\/wp-json\/wp\/v2\/comments?post=99"}],"version-history":[{"count":21,"href":"https:\/\/www.jazzypunto.es\/jazzaragon\/wp-json\/wp\/v2\/pages\/99\/revisions"}],"predecessor-version":[{"id":13796,"href":"https:\/\/www.jazzypunto.es\/jazzaragon\/wp-json\/wp\/v2\/pages\/99\/revisions\/13796"}],"up":[{"embeddable":true,"href":"https:\/\/www.jazzypunto.es\/jazzaragon\/wp-json\/wp\/v2\/pages\/3045"}],"wp:attachment":[{"href":"https:\/\/www.jazzypunto.es\/jazzaragon\/wp-json\/wp\/v2\/media?parent=99"}],"curies":[{"name":"wp","href":"https:\/\/api.w.org\/{rel}","templated":true}]}}